CRAN Package Check Results for Package debugr

Last updated on 2025-05-21 05:51:48 CEST.

Flavor Version Tinstall Tcheck Ttotal Status Flags
r-devel-linux-x86_64-debian-clang 0.0.1 1.79 22.35 24.14 OK
r-devel-linux-x86_64-debian-gcc 0.0.1 1.37 18.22 19.59 OK
r-devel-linux-x86_64-fedora-clang 0.0.1 37.32 OK
r-devel-linux-x86_64-fedora-gcc 0.0.1 48.62 OK
r-devel-windows-x86_64 0.0.1 3.00 50.00 53.00 OK
r-patched-linux-x86_64 0.0.1 1.77 20.75 22.52 OK
r-release-linux-x86_64 0.0.1 1.72 20.40 22.12 OK
r-release-macos-arm64 0.0.1 22.00 OK
r-release-macos-x86_64 0.0.1 41.00 OK
r-release-windows-x86_64 0.0.1 3.00 53.00 56.00 OK
r-oldrel-macos-arm64 0.0.1 22.00 NOTE
r-oldrel-macos-x86_64 0.0.1 33.00 NOTE
r-oldrel-windows-x86_64 0.0.1 3.00 47.00 50.00 NOTE

Check Details

Version: 0.0.1
Check: LazyData
Result: NOTE 'LazyData' is specified without a 'data' directory Flavors: r-oldrel-macos-arm64, r-oldrel-macos-x86_64, r-oldrel-windows-x86_64