Last updated on 2025-10-05 05:49:30 CEST.
Flavor | Version | Tinstall | Tcheck | Ttotal | Status | Flags |
---|---|---|---|---|---|---|
r-devel-linux-x86_64-debian-clang | 0.2.1 | 10.73 | 113.75 | 124.48 | OK | |
r-devel-linux-x86_64-debian-gcc | 0.2.1 | 6.17 | 80.64 | 86.81 | OK | |
r-devel-linux-x86_64-fedora-clang | 0.2.1 | 184.30 | NOTE | |||
r-devel-linux-x86_64-fedora-gcc | 0.2.1 | 188.75 | NOTE | |||
r-devel-windows-x86_64 | 0.2.1 | 13.00 | 127.00 | 140.00 | OK | |
r-patched-linux-x86_64 | 0.2.1 | 11.09 | 101.32 | 112.41 | OK | |
r-release-linux-x86_64 | 0.2.1 | 10.15 | 102.58 | 112.73 | OK | |
r-release-macos-arm64 | 0.2.0 | 64.00 | OK | |||
r-release-macos-x86_64 | 0.2.1 | 399.00 | NOTE | |||
r-release-windows-x86_64 | 0.2.1 | 15.00 | 299.00 | 314.00 | NOTE | |
r-oldrel-macos-arm64 | 0.2.0 | 67.00 | NOTE | |||
r-oldrel-macos-x86_64 | 0.2.1 | 362.00 | NOTE | |||
r-oldrel-windows-x86_64 | 0.2.1 | 16.00 | 161.00 | 177.00 | NOTE |
Version: 0.2.1
Check: Rd cross-references
Result: NOTE
Undeclared package ‘viridisLite’ in Rd xrefs
Package unavailable to check Rd xrefs: ‘bGMYC’
Unknown package ‘splits’ in Rd xrefs
Flavor: r-devel-linux-x86_64-fedora-clang
Version: 0.2.1
Check: Rd cross-references
Result: NOTE
Package unavailable to check Rd xrefs: ‘bGMYC’
Unknown package ‘splits’ in Rd xrefs
Flavors: r-devel-linux-x86_64-fedora-gcc, r-release-macos-x86_64, r-release-windows-x86_64, r-oldrel-macos-x86_64
Version: 0.2.0
Check: package dependencies
Result: NOTE
Packages suggested but not available for checking: 'bGMYC', 'splits'
Flavor: r-oldrel-macos-arm64
Version: 0.2.0
Check: Rd cross-references
Result: NOTE
Packages unavailable to check Rd xrefs: ‘bGMYC’, ‘splits’
Flavor: r-oldrel-macos-arm64
Version: 0.2.1
Check: package dependencies
Result: NOTE
Packages suggested but not available for checking: 'bGMYC', 'splits'
Flavors: r-oldrel-macos-x86_64, r-oldrel-windows-x86_64
Version: 0.2.1
Check: Rd cross-references
Result: NOTE
Packages unavailable to check Rd xrefs: 'bGMYC', 'splits'
Flavor: r-oldrel-windows-x86_64