Last updated on 2025-10-05 05:49:30 CEST.
Flavor | Version | Tinstall | Tcheck | Ttotal | Status | Flags |
---|---|---|---|---|---|---|
r-devel-linux-x86_64-debian-clang | 0.4.1 | 92.99 | 622.20 | 715.19 | OK | |
r-devel-linux-x86_64-debian-gcc | 0.4.1 | 76.21 | 414.70 | 490.91 | OK | |
r-devel-linux-x86_64-fedora-clang | 0.4.1 | 1125.90 | OK | |||
r-devel-linux-x86_64-fedora-gcc | 0.4.1 | 1187.41 | OK | |||
r-devel-windows-x86_64 | 0.4.1 | 104.00 | 595.00 | 699.00 | OK | |
r-patched-linux-x86_64 | 0.4.1 | 102.15 | 614.02 | 716.17 | OK | |
r-release-linux-x86_64 | 0.4.1 | 104.82 | 615.44 | 720.26 | OK | |
r-release-macos-arm64 | 0.4.1 | 322.00 | OK | |||
r-release-macos-x86_64 | 0.4.1 | 752.00 | OK | |||
r-release-windows-x86_64 | 0.4.1 | 95.00 | 582.00 | 677.00 | OK | |
r-oldrel-macos-arm64 | 0.4.1 | 321.00 | NOTE | |||
r-oldrel-macos-x86_64 | 0.4.1 | 681.00 | NOTE | |||
r-oldrel-windows-x86_64 | 0.4.1 | 119.00 | 840.00 | 959.00 | NOTE |
Version: 0.4.1
Check: installed package size
Result: NOTE
installed size is 48.2Mb
sub-directories of 1Mb or more:
libs 47.6Mb
Flavors: r-oldrel-macos-arm64, r-oldrel-macos-x86_64, r-oldrel-windows-x86_64