Last updated on 2025-10-04 05:49:45 CEST.
Flavor | Version | Tinstall | Tcheck | Ttotal | Status | Flags |
---|---|---|---|---|---|---|
r-devel-linux-x86_64-debian-clang | 0.1.1 | 21.00 | 216.52 | 237.52 | NOTE | |
r-devel-linux-x86_64-debian-gcc | 0.1.1 | 12.50 | 183.59 | 196.09 | NOTE | |
r-devel-linux-x86_64-fedora-clang | 0.1.1 | 350.55 | NOTE | |||
r-devel-linux-x86_64-fedora-gcc | 0.1.1 | 364.75 | NOTE | |||
r-devel-windows-x86_64 | 0.1.1 | 38.00 | 292.00 | 330.00 | NOTE | |
r-patched-linux-x86_64 | 0.1.1 | 17.04 | 241.04 | 258.08 | NOTE | |
r-release-linux-x86_64 | 0.1.1 | 15.71 | 240.84 | 256.55 | NOTE | |
r-release-macos-arm64 | 0.1.1 | 228.00 | NOTE | |||
r-release-macos-x86_64 | 0.1.1 | 331.00 | NOTE | |||
r-release-windows-x86_64 | 0.1.1 | 40.00 | 290.00 | 330.00 | NOTE | |
r-oldrel-macos-arm64 | 0.1.1 | 202.00 | OK | |||
r-oldrel-macos-x86_64 | 0.1.1 | 276.00 | OK | |||
r-oldrel-windows-x86_64 | 0.1.1 | 43.00 | 350.00 | 393.00 | OK |
Version: 0.1.1
Check: compiled code
Result: NOTE
File ‘dsdp/libs/dsdp.so’:
Found non-API call to R: ‘Rf_allocSExp’
Compiled code should not call non-API entry points in R.
See ‘Writing portable packages’ in the ‘Writing R Extensions’ manual,
and section ‘Moving into C API compliance’ for issues with the use of
non-API entry points.
Flavors: r-devel-linux-x86_64-debian-clang, r-devel-linux-x86_64-debian-gcc, r-devel-linux-x86_64-fedora-clang, r-devel-linux-x86_64-fedora-gcc, r-patched-linux-x86_64, r-release-linux-x86_64, r-release-macos-arm64, r-release-macos-x86_64
Version: 0.1.1
Check: compiled code
Result: NOTE
File 'dsdp/libs/x64/dsdp.dll':
Found non-API call to R: 'Rf_allocSExp'
Compiled code should not call non-API entry points in R.
See 'Writing portable packages' in the 'Writing R Extensions' manual,
and section 'Moving into C API compliance' for issues with the use of
non-API entry points.
Flavors: r-devel-windows-x86_64, r-release-windows-x86_64