CRAN Package Check Results for Package dtpcrm

Last updated on 2025-05-21 05:51:49 CEST.

Flavor Version Tinstall Tcheck Ttotal Status Flags
r-devel-linux-x86_64-debian-clang 0.1.1 1.93 50.83 52.76 NOTE
r-devel-linux-x86_64-debian-gcc 0.1.1 1.77 37.27 39.04 NOTE
r-devel-linux-x86_64-fedora-clang 0.1.1 90.39 NOTE
r-devel-linux-x86_64-fedora-gcc 0.1.1 100.66 NOTE
r-devel-windows-x86_64 0.1.1 4.00 144.00 148.00 NOTE
r-patched-linux-x86_64 0.1.1 2.22 49.81 52.03 NOTE
r-release-linux-x86_64 0.1.1 1.92 50.70 52.62 NOTE
r-release-macos-arm64 0.1.1 40.00 NOTE
r-release-macos-x86_64 0.1.1 69.00 NOTE
r-release-windows-x86_64 0.1.1 5.00 119.00 124.00 NOTE
r-oldrel-macos-arm64 0.1.1 36.00 NOTE
r-oldrel-macos-x86_64 0.1.1 53.00 NOTE
r-oldrel-windows-x86_64 0.1.1 4.00 116.00 120.00 NOTE

Check Details

Version: 0.1.1
Check: Rd files
Result: NOTE checkRd: (-1) applied_crm.Rd:64: Lost braces; missing escapes or markup? 64 | The empiric model is specified as F(d, beta) = d^{exp(beta)}. The logistic model is | ^ Flavors: r-devel-linux-x86_64-debian-clang, r-devel-linux-x86_64-debian-gcc, r-devel-linux-x86_64-fedora-clang, r-devel-linux-x86_64-fedora-gcc, r-devel-windows-x86_64, r-patched-linux-x86_64, r-release-linux-x86_64, r-release-macos-arm64, r-release-macos-x86_64, r-release-windows-x86_64, r-oldrel-macos-arm64, r-oldrel-macos-x86_64, r-oldrel-windows-x86_64

Version: 0.1.1
Check: LazyData
Result: NOTE 'LazyData' is specified without a 'data' directory Flavors: r-oldrel-macos-arm64, r-oldrel-macos-x86_64, r-oldrel-windows-x86_64