CRAN Package Check Results for Package easypower

Last updated on 2025-05-21 05:51:49 CEST.

Flavor Version Tinstall Tcheck Ttotal Status Flags
r-devel-linux-x86_64-debian-clang 1.0.2 1.77 19.83 21.60 NOTE
r-devel-linux-x86_64-debian-gcc 1.0.2 1.50 15.79 17.29 NOTE
r-devel-linux-x86_64-fedora-clang 1.0.2 35.86 OK
r-devel-linux-x86_64-fedora-gcc 1.0.2 51.72 OK
r-devel-windows-x86_64 1.0.2 3.00 46.00 49.00 OK
r-patched-linux-x86_64 1.0.2 1.85 19.26 21.11 OK
r-release-linux-x86_64 1.0.2 1.62 19.27 20.89 OK
r-release-macos-arm64 1.0.2 22.00 OK
r-release-macos-x86_64 1.0.2 39.00 OK
r-release-windows-x86_64 1.0.2 3.00 50.00 53.00 OK
r-oldrel-macos-arm64 1.0.2 22.00 OK
r-oldrel-macos-x86_64 1.0.2 31.00 OK
r-oldrel-windows-x86_64 1.0.2 5.00 45.00 50.00 OK

Check Details

Version: 1.0.2
Check: CRAN incoming feasibility
Result: NOTE Maintainer: ‘Aaron McGarvey <amcgarvey271@gmail.com>’ No Authors@R field in DESCRIPTION. Please add one, modifying Authors@R: person(given = "Aaron", family = "McGarvey", role = c("aut", "cre"), email = "amcgarvey271@gmail.com") as necessary. Flavors: r-devel-linux-x86_64-debian-clang, r-devel-linux-x86_64-debian-gcc