Last updated on 2025-05-21 05:51:50 CEST.
Flavor | Version | Tinstall | Tcheck | Ttotal | Status | Flags |
---|---|---|---|---|---|---|
r-devel-linux-x86_64-debian-clang | 1.0.4 | 45.57 | 72.43 | 118.00 | NOTE | |
r-devel-linux-x86_64-debian-gcc | 1.0.4 | 32.59 | 50.07 | 82.66 | NOTE | |
r-devel-linux-x86_64-fedora-clang | 1.0.4 | 214.87 | OK | |||
r-devel-linux-x86_64-fedora-gcc | 1.0.4 | 216.15 | OK | |||
r-devel-windows-x86_64 | 1.0.4 | 59.00 | 157.00 | 216.00 | OK | |
r-patched-linux-x86_64 | 1.0.4 | 44.06 | 67.75 | 111.81 | OK | |
r-release-linux-x86_64 | 1.0.4 | 43.49 | 68.07 | 111.56 | OK | |
r-release-macos-arm64 | 1.0.4 | 67.00 | OK | |||
r-release-macos-x86_64 | 1.0.4 | 93.00 | OK | |||
r-release-windows-x86_64 | 1.0.4 | 58.00 | 145.00 | 203.00 | OK | |
r-oldrel-macos-arm64 | 1.0.4 | 56.00 | NOTE | |||
r-oldrel-macos-x86_64 | 1.0.4 | 84.00 | NOTE | |||
r-oldrel-windows-x86_64 | 1.0.4 | 64.00 | 168.00 | 232.00 | OK |
Version: 1.0.4
Check: CRAN incoming feasibility
Result: NOTE
Maintainer: ‘Lampros Mouselimis <mouselimislampros@gmail.com>’
The Description field contains
Matthijs Douze, Herve Jegou, Tomas Mikolov, 2016, <arXiv:1612.03651>.
Please refer to arXiv e-prints via their arXiv DOI <doi:10.48550/arXiv.YYMM.NNNNN>.
Flavors: r-devel-linux-x86_64-debian-clang, r-devel-linux-x86_64-debian-gcc
Version: 1.0.4
Check: installed package size
Result: NOTE
installed size is 6.7Mb
sub-directories of 1Mb or more:
doc 1.7Mb
libs 3.9Mb
Flavors: r-oldrel-macos-arm64, r-oldrel-macos-x86_64