Last updated on 2025-05-21 05:51:51 CEST.
Flavor | Version | Tinstall | Tcheck | Ttotal | Status | Flags |
---|---|---|---|---|---|---|
r-devel-linux-x86_64-debian-clang | 1.0.1 | 11.26 | 179.39 | 190.65 | OK | |
r-devel-linux-x86_64-debian-gcc | 1.0.1 | 8.39 | 128.44 | 136.83 | OK | |
r-devel-linux-x86_64-fedora-clang | 1.0.1 | 298.15 | NOTE | |||
r-devel-linux-x86_64-fedora-gcc | 1.0.1 | 304.01 | NOTE | |||
r-devel-windows-x86_64 | 1.0.1 | 12.00 | 301.00 | 313.00 | OK | |
r-patched-linux-x86_64 | 1.0.1 | 10.99 | 170.36 | 181.35 | OK | |
r-release-linux-x86_64 | 1.0.1 | 10.70 | 170.14 | 180.84 | OK | |
r-release-macos-arm64 | 1.0.1 | 149.00 | OK | |||
r-release-macos-x86_64 | 1.0.1 | 241.00 | OK | |||
r-release-windows-x86_64 | 1.0.1 | 13.00 | 285.00 | 298.00 | OK | |
r-oldrel-macos-arm64 | 1.0.1 | 103.00 | OK | |||
r-oldrel-macos-x86_64 | 1.0.1 | 177.00 | OK | |||
r-oldrel-windows-x86_64 | 1.0.1 | 15.00 | 289.00 | 304.00 | OK |
Version: 1.0.1
Check: dependencies in R code
Result: NOTE
Namespaces in Imports field not imported from:
‘mgcv’ ‘numDeriv’
All declared Imports should be used.
Flavors: r-devel-linux-x86_64-fedora-clang, r-devel-linux-x86_64-fedora-gcc