Last updated on 2025-05-21 05:51:51 CEST.
Flavor | Version | Tinstall | Tcheck | Ttotal | Status | Flags |
---|---|---|---|---|---|---|
r-devel-linux-x86_64-debian-clang | 0.1.1 | 2.42 | 37.38 | 39.80 | OK | |
r-devel-linux-x86_64-debian-gcc | 0.1.1 | 1.84 | 26.62 | 28.46 | OK | |
r-devel-linux-x86_64-fedora-clang | 0.1.1 | 62.48 | NOTE | |||
r-devel-linux-x86_64-fedora-gcc | 0.1.1 | 58.59 | NOTE | |||
r-devel-windows-x86_64 | 0.1.1 | 4.00 | 73.00 | 77.00 | OK | |
r-patched-linux-x86_64 | 0.1.1 | 3.25 | 35.08 | 38.33 | OK | |
r-release-linux-x86_64 | 0.1.1 | 2.62 | 34.54 | 37.16 | OK | |
r-release-macos-arm64 | 0.1.1 | 23.00 | OK | |||
r-release-macos-x86_64 | 0.1.1 | 42.00 | OK | |||
r-release-windows-x86_64 | 0.1.1 | 5.00 | 78.00 | 83.00 | OK | |
r-oldrel-macos-arm64 | 0.1.1 | 21.00 | NOTE | |||
r-oldrel-macos-x86_64 | 0.1.1 | 32.00 | NOTE | |||
r-oldrel-windows-x86_64 | 0.1.1 | 5.00 | 71.00 | 76.00 | NOTE |
Version: 0.1.1
Check: dependencies in R code
Result: NOTE
Namespace in Imports field not imported from: ‘RCurl’
All declared Imports should be used.
Flavors: r-devel-linux-x86_64-fedora-clang, r-devel-linux-x86_64-fedora-gcc
Version: 0.1.1
Check: LazyData
Result: NOTE
'LazyData' is specified without a 'data' directory
Flavors: r-oldrel-macos-arm64, r-oldrel-macos-x86_64, r-oldrel-windows-x86_64