Last updated on 2025-05-21 05:51:51 CEST.
Flavor | Version | Tinstall | Tcheck | Ttotal | Status | Flags |
---|---|---|---|---|---|---|
r-devel-linux-x86_64-debian-clang | 0.2.0 | 81.22 | 40.41 | 121.63 | OK | |
r-devel-linux-x86_64-debian-gcc | 0.2.0 | 69.78 | 39.03 | 108.81 | OK | |
r-devel-linux-x86_64-fedora-clang | 0.2.0 | 207.84 | OK | |||
r-devel-linux-x86_64-fedora-gcc | 0.2.0 | 272.22 | OK | |||
r-devel-windows-x86_64 | 0.2.0 | 92.00 | 98.00 | 190.00 | OK | |
r-patched-linux-x86_64 | 0.2.0 | 95.49 | 48.64 | 144.13 | OK | |
r-release-linux-x86_64 | 0.2.0 | 92.70 | 49.14 | 141.84 | OK | |
r-release-macos-arm64 | 0.2.0 | 106.00 | OK | |||
r-release-macos-x86_64 | 0.2.0 | 99.00 | OK | |||
r-release-windows-x86_64 | 0.2.0 | 87.00 | 85.00 | 172.00 | OK | |
r-oldrel-macos-arm64 | 0.2.0 | 66.00 | NOTE | |||
r-oldrel-macos-x86_64 | 0.2.0 | 90.00 | NOTE | |||
r-oldrel-windows-x86_64 | 0.2.0 | 106.00 | 98.00 | 204.00 | OK |
Version: 0.2.0
Check: installed package size
Result: NOTE
installed size is 32.1Mb
sub-directories of 1Mb or more:
libs 31.4Mb
Flavors: r-oldrel-macos-arm64, r-oldrel-macos-x86_64