Last updated on 2025-05-21 05:51:51 CEST.
Flavor | Version | Tinstall | Tcheck | Ttotal | Status | Flags |
---|---|---|---|---|---|---|
r-devel-linux-x86_64-debian-clang | 0.2.0 | 1.78 | 20.33 | 22.11 | NOTE | |
r-devel-linux-x86_64-debian-gcc | 0.2.0 | 1.57 | 16.15 | 17.72 | NOTE | |
r-devel-linux-x86_64-fedora-clang | 0.2.0 | 31.89 | OK | |||
r-devel-linux-x86_64-fedora-gcc | 0.2.0 | 29.62 | OK | |||
r-devel-windows-x86_64 | 0.2.0 | 3.00 | 48.00 | 51.00 | OK | |
r-patched-linux-x86_64 | 0.2.0 | 2.06 | 18.01 | 20.07 | OK | |
r-release-linux-x86_64 | 0.2.0 | 1.73 | 18.03 | 19.76 | OK | |
r-release-macos-arm64 | 0.2.0 | 20.00 | OK | |||
r-release-macos-x86_64 | 0.2.0 | 23.00 | OK | |||
r-release-windows-x86_64 | 0.2.0 | 3.00 | 49.00 | 52.00 | OK | |
r-oldrel-macos-arm64 | 0.2.0 | 15.00 | OK | |||
r-oldrel-macos-x86_64 | 0.2.0 | 20.00 | OK | |||
r-oldrel-windows-x86_64 | 0.2.0 | 3.00 | 44.00 | 47.00 | OK |
Version: 0.2.0
Check: CRAN incoming feasibility
Result: NOTE
Maintainer: ‘Srihari Jaganathan <sriharitn@gmail.com>’
No Authors@R field in DESCRIPTION.
Please add one, modifying
Authors@R: person(given = "Srihari",
family = "Jaganathan",
role = c("aut", "cre"),
email = "sriharitn@gmail.com")
as necessary.
Flavors: r-devel-linux-x86_64-debian-clang, r-devel-linux-x86_64-debian-gcc