Last updated on 2025-05-21 05:51:51 CEST.
Flavor | Version | Tinstall | Tcheck | Ttotal | Status | Flags |
---|---|---|---|---|---|---|
r-devel-linux-x86_64-debian-clang | 0.9.4.4 | 16.54 | 127.72 | 144.26 | NOTE | |
r-devel-linux-x86_64-debian-gcc | 0.9.4.4 | 12.20 | 93.57 | 105.77 | NOTE | |
r-devel-linux-x86_64-fedora-clang | 0.9.4.4 | 233.73 | OK | |||
r-devel-linux-x86_64-fedora-gcc | 0.9.4.4 | 238.10 | OK | |||
r-devel-windows-x86_64 | 0.9.4.4 | 18.00 | 147.00 | 165.00 | OK | |
r-patched-linux-x86_64 | 0.9.4.4 | 15.87 | 119.29 | 135.16 | OK | |
r-release-linux-x86_64 | 0.9.4.4 | 15.70 | 117.92 | 133.62 | OK | |
r-release-macos-arm64 | 0.9.4.4 | 68.00 | OK | |||
r-release-macos-x86_64 | 0.9.4.4 | 220.00 | OK | |||
r-release-windows-x86_64 | 0.9.4.4 | 18.00 | 150.00 | 168.00 | OK | |
r-oldrel-macos-arm64 | 0.9.4.4 | 62.00 | NOTE | |||
r-oldrel-macos-x86_64 | 0.9.4.4 | 101.00 | NOTE | |||
r-oldrel-windows-x86_64 | 0.9.4.4 | 23.00 | 161.00 | 184.00 | NOTE |
Version: 0.9.4.4
Check: CRAN incoming feasibility
Result: NOTE
Maintainer: ‘Jakub Szlek <j.szlek@uj.edu.pl>’
Package CITATION file contains call(s) to old-style personList() or
as.personList(). Please use c() on person objects instead.
Package CITATION file contains call(s) to old-style citEntry(). Please
use bibentry() instead.
Flavors: r-devel-linux-x86_64-debian-clang, r-devel-linux-x86_64-debian-gcc
Version: 0.9.4.4
Check: package dependencies
Result: NOTE
Packages suggested but not available for checking:
'extraTrees', 'foba', 'nodeHarvest', 'obliqueRF', 'relaxo', 'rrlda'
Flavors: r-oldrel-macos-arm64, r-oldrel-macos-x86_64, r-oldrel-windows-x86_64