CRAN Package Check Results for Package geonetwork

Last updated on 2025-05-21 05:51:51 CEST.

Flavor Version Tinstall Tcheck Ttotal Status Flags
r-devel-linux-x86_64-debian-clang 0.5.0 5.09 43.76 48.85 NOTE
r-devel-linux-x86_64-debian-gcc 0.5.0 4.46 34.21 38.67 NOTE
r-devel-linux-x86_64-fedora-clang 0.5.0 72.42 OK
r-devel-linux-x86_64-fedora-gcc 0.5.0 73.46 OK
r-devel-windows-x86_64 0.5.0 6.00 63.00 69.00 NOTE
r-patched-linux-x86_64 0.5.0 5.07 41.25 46.32 NOTE
r-release-linux-x86_64 0.5.0 4.69 41.53 46.22 NOTE
r-release-macos-arm64 0.5.0 26.00 OK
r-release-macos-x86_64 0.5.0 48.00 OK
r-release-windows-x86_64 0.5.0 7.00 58.00 65.00 NOTE
r-oldrel-macos-arm64 0.5.0 24.00 OK
r-oldrel-macos-x86_64 0.5.0 34.00 OK
r-oldrel-windows-x86_64 0.5.0 7.00 66.00 73.00 OK

Check Details

Version: 0.5.0
Check: Rd cross-references
Result: NOTE Found the following Rd file(s) with Rd \link{} targets missing package anchors: plot.geonetwork.Rd: plot_sf Please provide package anchors for all Rd \link{} targets not in the package itself and the base packages. Flavors: r-devel-linux-x86_64-debian-clang, r-devel-linux-x86_64-debian-gcc, r-devel-windows-x86_64, r-patched-linux-x86_64, r-release-linux-x86_64, r-release-windows-x86_64