CRAN Package Check Results for Package gesisdata

Last updated on 2025-05-21 05:51:52 CEST.

Flavor Version Tinstall Tcheck Ttotal Status Flags
r-devel-linux-x86_64-debian-clang 0.1.2 5.20 42.74 47.94 OK
r-devel-linux-x86_64-debian-gcc 0.1.2 3.85 32.71 36.56 OK
r-devel-linux-x86_64-fedora-clang 0.1.2 75.10 OK
r-devel-linux-x86_64-fedora-gcc 0.1.2 82.18 OK
r-devel-windows-x86_64 0.1.2 8.00 61.00 69.00 FAIL
r-patched-linux-x86_64 0.1.2 4.85 39.55 44.40 OK
r-release-linux-x86_64 0.1.2 4.35 39.66 44.01 OK
r-release-macos-arm64 0.1.2 30.00 OK
r-release-macos-x86_64 0.1.2 56.00 OK
r-release-windows-x86_64 0.1.2 7.00 70.00 77.00 OK
r-oldrel-macos-arm64 0.1.2 28.00 OK
r-oldrel-macos-x86_64 0.1.2 46.00 OK
r-oldrel-windows-x86_64 0.1.2 8.00 69.00 77.00 OK

Check Details

Version: 0.1.2
Check: PDF version of manual
Result: FAIL Check process probably crashed or hung up for 20 minutes ... killed Most likely this happened in the example checks (?), if not, ignore the following last lines of example output: > > ### Name: gesis_download > ### Title: Download datasets from the GESIS data archive > ### Aliases: gesis_download > > ### ** Examples > > ## Not run: > ##D gesis_download(file_id = c("ZA6644", "ZA6900"), > ##D download_dir = tempdir()) # remember to specify a directory for your download > ## End(Not run) > > > > > ### * <FOOTER> > ### > cleanEx() > options(digits = 7L) > base::cat("Time elapsed: ", proc.time() - base::get("ptime", pos = 'CheckExEnv'),"\n") Time elapsed: 1.08 0.17 1.25 NA NA > grDevices::dev.off() null device 1 > ### > ### Local variables: *** > ### mode: outline-minor *** > ### outline-regexp: "\\(> \\)?### [*]+" *** > ### End: *** > quit('no') ======== End of example output (where/before crash/hang up occured ?) ======== Flavor: r-devel-windows-x86_64