Last updated on 2025-10-04 05:49:49 CEST.
Flavor | Version | Tinstall | Tcheck | Ttotal | Status | Flags |
---|---|---|---|---|---|---|
r-devel-linux-x86_64-debian-clang | 0.31.2 | 7.29 | 68.54 | 75.83 | NOTE | |
r-devel-linux-x86_64-debian-gcc | 0.31.2 | 5.17 | 48.32 | 53.49 | NOTE | |
r-devel-linux-x86_64-fedora-clang | 0.31.2 | 108.03 | OK | |||
r-devel-linux-x86_64-fedora-gcc | 0.31.2 | 108.42 | OK | |||
r-devel-windows-x86_64 | 0.31.2 | 10.00 | 82.00 | 92.00 | OK | |
r-patched-linux-x86_64 | 0.31.2 | 6.51 | 61.77 | 68.28 | OK | |
r-release-linux-x86_64 | 0.31.2 | 6.82 | 61.75 | 68.57 | OK | |
r-release-macos-arm64 | 0.31.2 | 39.00 | OK | |||
r-release-macos-x86_64 | 0.31.2 | 59.00 | OK | |||
r-release-windows-x86_64 | 0.31.2 | 10.00 | 82.00 | 92.00 | OK | |
r-oldrel-macos-arm64 | 0.31.2 | 36.00 | OK | |||
r-oldrel-macos-x86_64 | 0.31.2 | 92.00 | OK | |||
r-oldrel-windows-x86_64 | 0.31.2 | 13.00 | 99.00 | 112.00 | OK |
Version: 0.31.2
Check: DESCRIPTION meta-information
Result: NOTE
Author field differs from that derived from Authors@R
Author: ‘Jan Philipp Dietrich [aut, cre] (Potsdam Institute for Climate Impact Research, <https://orcid.org/0000-0002-4309-6431>), David Klein [aut] (Potsdam Institute for Climate Impact Research), Anastasis Giannousakis [aut], Felicitas Beier [aut] (Potsdam Institute for Climate Impact Research), Johannes Koch [aut] (Potsdam Institute for Climate Impact Research), Lavinia Baumstark [aut] (Potsdam Institute for Climate Impact Research), Mika Pflüger [aut], Oliver Richters [aut] (Potsdam Institute for Climate Impact Research)’
Authors@R: ‘Jan Philipp Dietrich [aut, cre] (affiliation: Potsdam Institute for Climate Impact Research, ORCID: <https://orcid.org/0000-0002-4309-6431>), David Klein [aut] (affiliation: Potsdam Institute for Climate Impact Research), Anastasis Giannousakis [aut], Felicitas Beier [aut] (affiliation: Potsdam Institute for Climate Impact Research), Johannes Koch [aut] (affiliation: Potsdam Institute for Climate Impact Research), Lavinia Baumstark [aut] (affiliation: Potsdam Institute for Climate Impact Research), Mika Pflüger [aut], Oliver Richters [aut] (affiliation: Potsdam Institute for Climate Impact Research)’
Flavors: r-devel-linux-x86_64-debian-clang, r-devel-linux-x86_64-debian-gcc