Last updated on 2025-10-04 05:49:49 CEST.
Flavor | Version | Tinstall | Tcheck | Ttotal | Status | Flags |
---|---|---|---|---|---|---|
r-devel-linux-x86_64-debian-clang | 1.0.1 | 14.09 | 263.38 | 277.47 | NOTE | |
r-devel-linux-x86_64-debian-gcc | 1.0.1 | 10.40 | 198.99 | 209.39 | NOTE | |
r-devel-linux-x86_64-fedora-clang | 1.0.1 | 562.27 | OK | |||
r-devel-linux-x86_64-fedora-gcc | 1.0.1 | 556.25 | OK | |||
r-devel-windows-x86_64 | 1.0.1 | 17.00 | 259.00 | 276.00 | OK | |
r-patched-linux-x86_64 | 1.0.1 | 14.91 | 274.84 | 289.75 | OK | |
r-release-linux-x86_64 | 1.0.1 | 14.73 | 276.18 | 290.91 | OK | |
r-release-macos-arm64 | 1.0.1 | 121.00 | OK | |||
r-release-macos-x86_64 | 1.0.1 | 254.00 | OK | |||
r-release-windows-x86_64 | 1.0.1 | 20.00 | 294.00 | 314.00 | OK | |
r-oldrel-macos-arm64 | 1.0.1 | 112.00 | OK | |||
r-oldrel-macos-x86_64 | 1.0.1 | 190.00 | OK | |||
r-oldrel-windows-x86_64 | 1.0.1 | 19.00 | 272.00 | 291.00 | OK |
Version: 1.0.1
Check: CRAN incoming feasibility
Result: NOTE
Maintainer: ‘C. Cronkite-Ratcliff <ccronkite-ratcliff@usgs.gov>’
Package CITATION file contains call(s) to old-style personList() or
as.personList(). Please use c() on person objects instead.
Flavors: r-devel-linux-x86_64-debian-clang, r-devel-linux-x86_64-debian-gcc