Last updated on 2025-05-21 05:51:52 CEST.
Flavor | Version | Tinstall | Tcheck | Ttotal | Status | Flags |
---|---|---|---|---|---|---|
r-devel-linux-x86_64-debian-clang | 0.1-4 | 12.94 | 38.75 | 51.69 | NOTE | |
r-devel-linux-x86_64-debian-gcc | 0.1-4 | 9.71 | 30.25 | 39.96 | NOTE | |
r-devel-linux-x86_64-fedora-clang | 0.1-4 | 90.57 | OK | |||
r-devel-linux-x86_64-fedora-gcc | 0.1-4 | 96.37 | OK | |||
r-devel-windows-x86_64 | 0.1-4 | 16.00 | 85.00 | 101.00 | OK | |
r-patched-linux-x86_64 | 0.1-4 | 12.68 | 35.66 | 48.34 | OK | |
r-release-linux-x86_64 | 0.1-4 | 13.47 | 36.28 | 49.75 | OK | |
r-release-macos-arm64 | 0.1-4 | 35.00 | OK | |||
r-release-macos-x86_64 | 0.1-4 | 60.00 | OK | |||
r-release-windows-x86_64 | 0.1-4 | 16.00 | 89.00 | 105.00 | OK | |
r-oldrel-macos-arm64 | 0.1-4 | 31.00 | OK | |||
r-oldrel-macos-x86_64 | 0.1-4 | 47.00 | OK | |||
r-oldrel-windows-x86_64 | 0.1-4 | 15.00 | 90.00 | 105.00 | OK |
Version: 0.1-4
Check: CRAN incoming feasibility
Result: NOTE
Maintainer: ‘Tobias Mütze <tobias.muetze@outlook.com>’
Package CITATION file contains call(s) to old-style personList() or
as.personList(). Please use c() on person objects instead.
Package CITATION file contains call(s) to old-style citEntry(). Please
use bibentry() instead.
Flavors: r-devel-linux-x86_64-debian-clang, r-devel-linux-x86_64-debian-gcc