CRAN Package Check Results for Package hctrial

Last updated on 2025-05-21 05:51:53 CEST.

Flavor Version Tinstall Tcheck Ttotal Status Flags
r-devel-linux-x86_64-debian-clang 0.1.0 1.97 24.96 26.93 OK
r-devel-linux-x86_64-debian-gcc 0.1.0 1.66 18.67 20.33 OK
r-devel-linux-x86_64-fedora-clang 0.1.0 42.67 OK
r-devel-linux-x86_64-fedora-gcc 0.1.0 45.06 OK
r-devel-windows-x86_64 0.1.0 3.00 53.00 56.00 OK
r-patched-linux-x86_64 0.1.0 1.99 24.12 26.11 OK
r-release-linux-x86_64 0.1.0 1.85 24.39 26.24 OK
r-release-macos-arm64 0.1.0 18.00 OK
r-release-macos-x86_64 0.1.0 28.00 OK
r-release-windows-x86_64 0.1.0 2.00 53.00 55.00 OK
r-oldrel-macos-arm64 0.1.0 16.00 NOTE
r-oldrel-macos-x86_64 0.1.0 28.00 NOTE
r-oldrel-windows-x86_64 0.1.0 3.00 50.00 53.00 NOTE

Check Details

Version: 0.1.0
Check: LazyData
Result: NOTE 'LazyData' is specified without a 'data' directory Flavors: r-oldrel-macos-arm64, r-oldrel-macos-x86_64, r-oldrel-windows-x86_64