Last updated on 2025-05-21 05:51:53 CEST.
Flavor | Version | Tinstall | Tcheck | Ttotal | Status | Flags |
---|---|---|---|---|---|---|
r-devel-linux-x86_64-fedora-clang | 0.2.1 | 120.75 | OK | |||
r-devel-linux-x86_64-fedora-gcc | 0.2.1 | 141.10 | OK | |||
r-release-macos-arm64 | 0.2.1 | 38.00 | WARN | |||
r-release-macos-x86_64 | 0.2.1 | 55.00 | WARN | |||
r-release-windows-x86_64 | 0.2.1 | 51.00 | 97.00 | 148.00 | OK | |
r-oldrel-macos-arm64 | 0.2.1 | 42.00 | WARN | |||
r-oldrel-macos-x86_64 | 0.2.1 | 94.00 | WARN |
Version: 0.2.1
Check: whether package can be installed
Result: WARN
Found the following significant warnings:
/Volumes/Builds/packages/big-sur-arm64/Rlib/4.5/RcppXsimd/include/xsimd/memory/xsimd_aligned_allocator.hpp:72:53: warning: 'allocator<void>' is deprecated [-Wdeprecated-declarations]
/Volumes/Builds/packages/big-sur-arm64/Rlib/4.5/RcppXsimd/include/xsimd/memory/xsimd_aligned_allocator.hpp:173:27: warning: 'allocator<void>' is deprecated [-Wdeprecated-declarations]
See ‘/Volumes/Builds/packages/big-sur-arm64/results/4.5/hdtg.Rcheck/00install.out’ for details.
* used C++ compiler: ‘Apple clang version 14.0.0 (clang-1400.0.29.202)’
* used SDK: ‘MacOSX11.3.sdk’
Flavor: r-release-macos-arm64
Version: 0.2.1
Check: whether package can be installed
Result: WARN
Found the following significant warnings:
/Volumes/Builds/packages/big-sur-x86_64/Rlib/4.5/RcppXsimd/include/xsimd/memory/xsimd_aligned_allocator.hpp:72:53: warning: 'allocator<void>' is deprecated [-Wdeprecated-declarations]
/Volumes/Builds/packages/big-sur-x86_64/Rlib/4.5/RcppXsimd/include/xsimd/memory/xsimd_aligned_allocator.hpp:173:27: warning: 'allocator<void>' is deprecated [-Wdeprecated-declarations]
See ‘/Volumes/Builds/packages/big-sur-x86_64/results/4.5/hdtg.Rcheck/00install.out’ for details.
* used C++ compiler: ‘Apple clang version 14.0.3 (clang-1403.0.22.14.1)’
* used SDK: ‘MacOSX11.3.sdk’
Flavor: r-release-macos-x86_64
Version: 0.2.1
Check: whether package can be installed
Result: WARN
Found the following significant warnings:
/Volumes/Builds/packages/big-sur-arm64/Rlib/4.4/RcppXsimd/include/xsimd/memory/xsimd_aligned_allocator.hpp:72:53: warning: 'allocator<void>' is deprecated [-Wdeprecated-declarations]
/Volumes/Builds/packages/big-sur-arm64/Rlib/4.4/RcppXsimd/include/xsimd/memory/xsimd_aligned_allocator.hpp:173:27: warning: 'allocator<void>' is deprecated [-Wdeprecated-declarations]
See ‘/Volumes/Builds/packages/big-sur-arm64/results/4.4/hdtg.Rcheck/00install.out’ for details.
* used C++ compiler: ‘Apple clang version 14.0.0 (clang-1400.0.29.202)’
* used SDK: ‘MacOSX11.3.sdk’
Flavor: r-oldrel-macos-arm64
Version: 0.2.1
Check: installed package size
Result: NOTE
installed size is 12.2Mb
sub-directories of 1Mb or more:
libs 12.1Mb
Flavors: r-oldrel-macos-arm64, r-oldrel-macos-x86_64
Version: 0.2.1
Check: whether package can be installed
Result: WARN
Found the following significant warnings:
/Volumes/Builds/packages/big-sur-x86_64/Rlib/4.4/RcppXsimd/include/xsimd/memory/xsimd_aligned_allocator.hpp:72:53: warning: 'allocator<void>' is deprecated [-Wdeprecated-declarations]
/Volumes/Builds/packages/big-sur-x86_64/Rlib/4.4/RcppXsimd/include/xsimd/memory/xsimd_aligned_allocator.hpp:173:27: warning: 'allocator<void>' is deprecated [-Wdeprecated-declarations]
See ‘/Volumes/Builds/packages/big-sur-x86_64/results/4.4/hdtg.Rcheck/00install.out’ for details.
* used C++ compiler: ‘Apple clang version 14.0.3 (clang-1403.0.22.14.1)’
* used SDK: ‘MacOSX11.3.sdk’
Flavor: r-oldrel-macos-x86_64