CRAN Package Check Results for Package hidecan

Last updated on 2025-05-21 05:51:53 CEST.

Flavor Version Tinstall Tcheck Ttotal Status Flags
r-devel-linux-x86_64-debian-clang 1.1.0 3.07 112.01 115.08 NOTE
r-devel-linux-x86_64-debian-gcc 1.1.0 2.52 81.94 84.46 NOTE
r-devel-linux-x86_64-fedora-clang 1.1.0 177.18 NOTE
r-devel-linux-x86_64-fedora-gcc 1.1.0 180.03 NOTE
r-devel-windows-x86_64 1.1.0 5.00 119.00 124.00 NOTE
r-patched-linux-x86_64 1.1.0 2.18 107.34 109.52 NOTE
r-release-linux-x86_64 1.1.0 3.25 107.70 110.95 NOTE
r-release-macos-arm64 1.1.0 53.00 NOTE
r-release-macos-x86_64 1.1.0 100.00 NOTE
r-release-windows-x86_64 1.1.0 5.00 107.00 112.00 NOTE
r-oldrel-macos-arm64 1.1.0 51.00 OK
r-oldrel-macos-x86_64 1.1.0 78.00 OK
r-oldrel-windows-x86_64 1.1.0 7.00 136.00 143.00 OK

Check Details

Version: 1.1.0
Check: DESCRIPTION meta-information
Result: NOTE Missing dependency on R >= 4.1.0 because package code uses the pipe |> or function shorthand \(...) syntax added in R 4.1.0. File(s) using such syntax: ‘apply_threshold.R’ ‘compute_chromosomes_length.R’ ‘create_hidecan_plot.R’ ‘gwaspoly_helper_functions.R’ ‘input_data_constructors.R’ Flavors: r-devel-linux-x86_64-debian-clang, r-devel-linux-x86_64-debian-gcc, r-devel-linux-x86_64-fedora-clang, r-devel-linux-x86_64-fedora-gcc, r-devel-windows-x86_64, r-patched-linux-x86_64, r-release-linux-x86_64, r-release-macos-arm64, r-release-macos-x86_64, r-release-windows-x86_64