CRAN Package Check Results for Package hmmr

Last updated on 2025-10-05 05:49:35 CEST.

Flavor Version Tinstall Tcheck Ttotal Status Flags
r-devel-linux-x86_64-debian-clang 1.0-0.1 4.02 53.82 57.84 NOTE
r-devel-linux-x86_64-debian-gcc 1.0-0.1 3.71 40.77 44.48 NOTE
r-devel-linux-x86_64-fedora-clang 1.0-0.1 84.58 OK
r-devel-linux-x86_64-fedora-gcc 1.0-0.1 87.58 OK
r-devel-windows-x86_64 1.0-0.1 6.00 78.00 84.00 OK
r-patched-linux-x86_64 1.0-0.1 5.00 51.46 56.46 OK
r-release-linux-x86_64 1.0-0.1 3.93 51.85 55.78 OK
r-release-macos-arm64 1.0-0.1 24.00 OK
r-release-macos-x86_64 1.0-0.1 54.00 OK
r-release-windows-x86_64 1.0-0.1 6.00 76.00 82.00 OK
r-oldrel-macos-arm64 1.0-0.1 32.00 OK
r-oldrel-macos-x86_64 1.0-0.1 54.00 OK
r-oldrel-windows-x86_64 1.0-0.1 8.00 87.00 95.00 OK

Check Details

Version: 1.0-0.1
Check: CRAN incoming feasibility
Result: NOTE Maintainer: ‘Ingmar Visser <i.visser@uva.nl>’ Package CITATION file contains call(s) to old-style personList() or as.personList(). Please use c() on person objects instead. Package CITATION file contains call(s) to old-style citEntry(). Please use bibentry() instead. Flavors: r-devel-linux-x86_64-debian-clang, r-devel-linux-x86_64-debian-gcc