Last updated on 2025-05-21 05:51:53 CEST.
Flavor | Version | Tinstall | Tcheck | Ttotal | Status | Flags |
---|---|---|---|---|---|---|
r-devel-linux-x86_64-debian-clang | 0.0.41 | 37.06 | 374.40 | 411.46 | OK | |
r-devel-linux-x86_64-debian-gcc | 0.0.41 | 24.82 | 249.92 | 274.74 | OK | |
r-devel-linux-x86_64-fedora-clang | 0.0.41 | 665.66 | OK | |||
r-devel-linux-x86_64-fedora-gcc | 0.0.41 | 651.63 | OK | |||
r-devel-windows-x86_64 | 0.0.41 | 35.00 | 318.00 | 353.00 | OK | |
r-release-linux-x86_64 | 0.0.41 | 36.30 | 355.24 | 391.54 | OK | |
r-release-macos-arm64 | 0.0.41 | 153.00 | OK | |||
r-release-macos-x86_64 | 0.0.41 | 316.00 | OK | |||
r-release-windows-x86_64 | 0.0.41 | 33.00 | 331.00 | 364.00 | OK | |
r-oldrel-macos-arm64 | 0.0.41 | 10.00 | ERROR | |||
r-oldrel-macos-x86_64 | 0.0.41 | 11.00 | ERROR |
Version: 0.0.41
Check: package dependencies
Result: ERROR
Package required and available but unsuitable version: ‘utils’
See section ‘The DESCRIPTION file’ in the ‘Writing R Extensions’
manual.
Flavors: r-oldrel-macos-arm64, r-oldrel-macos-x86_64