CRAN Package Check Results for Package igraphtosonia

Last updated on 2025-05-21 05:51:53 CEST.

Flavor Version Tinstall Tcheck Ttotal Status Flags
r-devel-linux-x86_64-debian-clang 1.0 2.59 24.13 26.72 NOTE
r-devel-linux-x86_64-debian-gcc 1.0 2.11 18.91 21.02 NOTE
r-devel-linux-x86_64-fedora-clang 1.0 41.92 NOTE
r-devel-linux-x86_64-fedora-gcc 1.0 41.39 NOTE
r-devel-windows-x86_64 1.0 4.00 60.00 64.00 NOTE
r-patched-linux-x86_64 1.0 2.14 23.23 25.37 NOTE
r-release-linux-x86_64 1.0 2.42 23.24 25.66 NOTE
r-release-macos-arm64 1.0 21.00 NOTE
r-release-macos-x86_64 1.0 26.00 NOTE
r-release-windows-x86_64 1.0 4.00 55.00 59.00 NOTE
r-oldrel-macos-arm64 1.0 19.00 NOTE
r-oldrel-macos-x86_64 1.0 29.00 NOTE
r-oldrel-windows-x86_64 1.0 5.00 51.00 56.00 NOTE

Check Details

Version: 1.0
Check: CRAN incoming feasibility
Result: NOTE Maintainer: ‘Sean J Westwood <seanjw@stanford.edu>’ No Authors@R field in DESCRIPTION. Please add one, modifying Authors@R: person(given = c("Sean", "J"), family = "Westwood", role = c("aut", "cre"), email = "seanjw@stanford.edu") as necessary. Flavors: r-devel-linux-x86_64-debian-clang, r-devel-linux-x86_64-debian-gcc

Version: 1.0
Check: DESCRIPTION meta-information
Result: NOTE Malformed Description field: should contain one or more complete sentences. Flavors: r-devel-linux-x86_64-debian-clang, r-devel-linux-x86_64-debian-gcc, r-devel-linux-x86_64-fedora-clang, r-devel-linux-x86_64-fedora-gcc, r-devel-windows-x86_64, r-patched-linux-x86_64, r-release-linux-x86_64, r-release-macos-arm64, r-release-macos-x86_64, r-release-windows-x86_64, r-oldrel-macos-arm64, r-oldrel-macos-x86_64, r-oldrel-windows-x86_64