CRAN Package Check Results for Package inops

Last updated on 2025-05-21 05:51:53 CEST.

Flavor Version Tinstall Tcheck Ttotal Status Flags
r-devel-linux-x86_64-debian-clang 0.0.1 1.98 28.65 30.63 OK
r-devel-linux-x86_64-debian-gcc 0.0.1 1.58 22.22 23.80 OK
r-devel-linux-x86_64-fedora-clang 0.0.1 48.27 OK
r-devel-linux-x86_64-fedora-gcc 0.0.1 59.53 OK
r-devel-windows-x86_64 0.0.1 5.00 60.00 65.00 OK
r-patched-linux-x86_64 0.0.1 2.05 27.35 29.40 OK
r-release-linux-x86_64 0.0.1 1.91 27.52 29.43 OK
r-release-macos-arm64 0.0.1 25.00 OK
r-release-macos-x86_64 0.0.1 54.00 OK
r-release-windows-x86_64 0.0.1 3.00 60.00 63.00 OK
r-oldrel-macos-arm64 0.0.1 23.00 NOTE
r-oldrel-macos-x86_64 0.0.1 42.00 NOTE
r-oldrel-windows-x86_64 0.0.1 3.00 57.00 60.00 NOTE

Check Details

Version: 0.0.1
Check: LazyData
Result: NOTE 'LazyData' is specified without a 'data' directory Flavors: r-oldrel-macos-arm64, r-oldrel-macos-x86_64, r-oldrel-windows-x86_64