Last updated on 2025-05-21 05:51:54 CEST.
Flavor | Version | Tinstall | Tcheck | Ttotal | Status | Flags |
---|---|---|---|---|---|---|
r-devel-linux-x86_64-debian-clang | 1.0.2 | 5.08 | 134.39 | 139.47 | OK | |
r-devel-linux-x86_64-debian-gcc | 1.0.2 | 3.65 | 96.19 | 99.84 | OK | |
r-devel-linux-x86_64-fedora-clang | 1.0.2 | 213.81 | OK | |||
r-devel-linux-x86_64-fedora-gcc | 1.0.2 | 225.74 | OK | |||
r-devel-windows-x86_64 | 1.0.2 | 7.00 | 142.00 | 149.00 | OK | |
r-patched-linux-x86_64 | 1.0.2 | 5.58 | 128.51 | 134.09 | OK | |
r-release-linux-x86_64 | 1.0.2 | 5.34 | 127.76 | 133.10 | OK | |
r-release-macos-arm64 | 1.0.2 | 64.00 | OK | |||
r-release-macos-x86_64 | 1.0.2 | 136.00 | OK | |||
r-release-windows-x86_64 | 1.0.2 | 6.00 | 129.00 | 135.00 | OK | |
r-oldrel-macos-arm64 | 1.0.2 | 65.00 | NOTE | |||
r-oldrel-macos-x86_64 | 1.0.2 | 102.00 | NOTE | |||
r-oldrel-windows-x86_64 | 1.0.2 | 10.00 | 164.00 | 174.00 | NOTE |
Version: 1.0.2
Check: LazyData
Result: NOTE
'LazyData' is specified without a 'data' directory
Flavors: r-oldrel-macos-arm64, r-oldrel-macos-x86_64, r-oldrel-windows-x86_64