CRAN Package Check Results for Package irlba

Last updated on 2025-05-21 05:51:54 CEST.

Flavor Version Tinstall Tcheck Ttotal Status Flags
r-devel-linux-x86_64-debian-clang 2.3.5.1 8.81 71.23 80.04 NOTE
r-devel-linux-x86_64-debian-gcc 2.3.5.1 6.13 54.90 61.03 NOTE
r-devel-linux-x86_64-fedora-clang 2.3.5.1 123.13 NOTE
r-devel-linux-x86_64-fedora-gcc 2.3.5.1 133.06 NOTE
r-devel-windows-x86_64 2.3.5.1 11.00 110.00 121.00 NOTE
r-patched-linux-x86_64 2.3.5.1 7.30 70.04 77.34 NOTE
r-release-linux-x86_64 2.3.5.1 8.28 69.92 78.20 NOTE
r-release-macos-arm64 2.3.5.1 51.00 NOTE
r-release-macos-x86_64 2.3.5.1 104.00 NOTE
r-release-windows-x86_64 2.3.5.1 11.00 119.00 130.00 NOTE
r-oldrel-macos-arm64 2.3.5.1 46.00 NOTE
r-oldrel-macos-x86_64 2.3.5.1 82.00 NOTE
r-oldrel-windows-x86_64 2.3.5.1 13.00 111.00 124.00 NOTE

Check Details

Version: 2.3.5.1
Check: Rd files
Result: NOTE checkRd: (-1) partial_eigen.Rd:23: Lost braces in \itemize; \value handles \item{}{} directly checkRd: (-1) partial_eigen.Rd:24: Lost braces in \itemize; \value handles \item{}{} directly checkRd: (-1) prcomp_irlba.Rd:41-44: Lost braces in \itemize; \value handles \item{}{} directly checkRd: (-1) prcomp_irlba.Rd:45-46: Lost braces in \itemize; \value handles \item{}{} directly checkRd: (-1) prcomp_irlba.Rd:47-50: Lost braces in \itemize; \value handles \item{}{} directly checkRd: (-1) prcomp_irlba.Rd:51: Lost braces in \itemize; \value handles \item{}{} directly checkRd: (-1) ssvd.Rd:52: Lost braces in \itemize; \value handles \item{}{} directly checkRd: (-1) ssvd.Rd:53: Lost braces in \itemize; \value handles \item{}{} directly checkRd: (-1) ssvd.Rd:54: Lost braces in \itemize; \value handles \item{}{} directly checkRd: (-1) ssvd.Rd:55: Lost braces in \itemize; \value handles \item{}{} directly checkRd: (-1) ssvd.Rd:56: Lost braces in \itemize; \value handles \item{}{} directly checkRd: (-1) ssvd.Rd:57: Lost braces in \itemize; \value handles \item{}{} directly checkRd: (-1) ssvd.Rd:58: Lost braces in \itemize; \value handles \item{}{} directly checkRd: (-1) ssvd.Rd:59: Lost braces in \itemize; \value handles \item{}{} directly Flavors: r-devel-linux-x86_64-debian-clang, r-devel-linux-x86_64-debian-gcc, r-devel-linux-x86_64-fedora-clang, r-devel-linux-x86_64-fedora-gcc, r-devel-windows-x86_64, r-patched-linux-x86_64, r-release-linux-x86_64, r-release-macos-arm64, r-release-macos-x86_64, r-release-windows-x86_64, r-oldrel-macos-arm64, r-oldrel-macos-x86_64, r-oldrel-windows-x86_64