Last updated on 2025-05-21 05:51:54 CEST.
Flavor | Version | Tinstall | Tcheck | Ttotal | Status | Flags |
---|---|---|---|---|---|---|
r-devel-linux-x86_64-debian-clang | 2.15.0 | 23.16 | 207.57 | 230.73 | NOTE | |
r-devel-linux-x86_64-debian-gcc | 2.15.0 | 13.42 | 149.64 | 163.06 | NOTE | |
r-devel-linux-x86_64-fedora-clang | 2.15.0 | 353.72 | OK | |||
r-devel-linux-x86_64-fedora-gcc | 2.15.0 | 358.61 | OK | |||
r-devel-windows-x86_64 | 2.15.0 | 28.00 | 350.00 | 378.00 | NOTE | |
r-patched-linux-x86_64 | 2.15.0 | 31.92 | 193.39 | 225.31 | NOTE | |
r-release-linux-x86_64 | 2.15.0 | 21.01 | 196.85 | 217.86 | NOTE | |
r-release-macos-arm64 | 2.15.0 | 154.00 | OK | |||
r-release-macos-x86_64 | 2.15.0 | 249.00 | OK | |||
r-release-windows-x86_64 | 2.15.0 | 27.00 | 295.00 | 322.00 | NOTE | |
r-oldrel-macos-arm64 | 2.15.0 | 124.00 | OK | |||
r-oldrel-macos-x86_64 | 2.15.0 | 175.00 | NOTE | |||
r-oldrel-windows-x86_64 | 2.15.0 | 33.00 | 331.00 | 364.00 | OK |
Version: 2.15.0
Check: Rd cross-references
Result: NOTE
Found the following Rd file(s) with Rd \link{} targets missing package
anchors:
KerasCallback.Rd: R6Class
KerasConstraint.Rd: R6Class
KerasLayer.Rd: R6Class
KerasWrapper.Rd: R6Class
Please provide package anchors for all Rd \link{} targets not in the
package itself and the base packages.
Flavors: r-devel-linux-x86_64-debian-clang, r-devel-linux-x86_64-debian-gcc, r-devel-windows-x86_64, r-patched-linux-x86_64, r-release-linux-x86_64, r-release-windows-x86_64
Version: 2.15.0
Check: installed package size
Result: NOTE
installed size is 5.0Mb
sub-directories of 1Mb or more:
doc 2.0Mb
help 2.1Mb
Flavor: r-oldrel-macos-x86_64