Last updated on 2025-10-05 05:49:36 CEST.
Flavor | Version | Tinstall | Tcheck | Ttotal | Status | Flags |
---|---|---|---|---|---|---|
r-devel-linux-x86_64-debian-clang | 0.1.2 | 6.55 | 124.94 | 131.49 | NOTE | |
r-devel-linux-x86_64-debian-gcc | 0.1.2 | 4.70 | 96.27 | 100.97 | NOTE | |
r-devel-linux-x86_64-fedora-clang | 0.1.2 | 180.57 | OK | |||
r-devel-linux-x86_64-fedora-gcc | 0.1.2 | 179.01 | OK | |||
r-devel-windows-x86_64 | 0.1.2 | 8.00 | 108.00 | 116.00 | OK | |
r-patched-linux-x86_64 | 0.1.2 | 6.62 | 117.80 | 124.42 | OK | |
r-release-linux-x86_64 | 0.1.2 | 5.58 | 118.11 | 123.69 | OK | |
r-release-macos-arm64 | 0.1.2 | 60.00 | OK | |||
r-release-macos-x86_64 | 0.1.2 | 88.00 | OK | |||
r-release-windows-x86_64 | 0.1.2 | 9.00 | 106.00 | 115.00 | OK | |
r-oldrel-macos-arm64 | 0.1.2 | 47.00 | OK | |||
r-oldrel-macos-x86_64 | 0.1.2 | 85.00 | OK | |||
r-oldrel-windows-x86_64 | 0.1.2 | 12.00 | 131.00 | 143.00 | OK |
Version: 0.1.2
Check: CRAN incoming feasibility
Result: NOTE
Maintainer: ‘Cristhian Paredes <craparedesca@unal.edu.co>’
No Authors@R field in DESCRIPTION.
Please add one, modifying
Authors@R: c(person(given = "Cristhian",
family = "Paredes",
role = c("aut", "cre"),
email = "craparedesca@unal.edu.co"),
person(given = "Jesús",
family = "Ágreda",
role = "aut"))
as necessary.
Flavors: r-devel-linux-x86_64-debian-clang, r-devel-linux-x86_64-debian-gcc