Last updated on 2025-10-05 05:49:37 CEST.
Flavor | Version | Tinstall | Tcheck | Ttotal | Status | Flags |
---|---|---|---|---|---|---|
r-devel-linux-x86_64-debian-clang | 0.1.3 | 3.05 | 42.72 | 45.77 | NOTE | |
r-devel-linux-x86_64-debian-gcc | 0.1.3 | 2.21 | 32.15 | 34.36 | NOTE | |
r-devel-linux-x86_64-fedora-clang | 0.1.3 | 69.71 | OK | |||
r-devel-linux-x86_64-fedora-gcc | 0.1.3 | 83.93 | OK | |||
r-devel-windows-x86_64 | 0.1.3 | 5.00 | 66.00 | 71.00 | OK | |
r-patched-linux-x86_64 | 0.1.3 | 3.61 | 39.72 | 43.33 | OK | |
r-release-linux-x86_64 | 0.1.3 | 2.68 | 40.30 | 42.98 | OK | |
r-release-macos-arm64 | 0.1.3 | 30.00 | OK | |||
r-release-macos-x86_64 | 0.1.3 | 58.00 | OK | |||
r-release-windows-x86_64 | 0.1.3 | 5.00 | 68.00 | 73.00 | OK | |
r-oldrel-macos-arm64 | 0.1.3 | 28.00 | OK | |||
r-oldrel-macos-x86_64 | 0.1.3 | 45.00 | OK | |||
r-oldrel-windows-x86_64 | 0.1.3 | 6.00 | 76.00 | 82.00 | OK |
Version: 0.1.3
Check: CRAN incoming feasibility
Result: NOTE
Maintainer: ‘Ethan Z. Welty <ethan.welty+linbin@gmail.com>’
Package CITATION file contains call(s) to old-style personList() or
as.personList(). Please use c() on person objects instead.
Package CITATION file contains call(s) to old-style citEntry(). Please
use bibentry() instead.
Flavors: r-devel-linux-x86_64-debian-clang, r-devel-linux-x86_64-debian-gcc