CRAN Package Check Results for Package logisticRR

Last updated on 2025-05-21 05:51:55 CEST.

Flavor Version Tinstall Tcheck Ttotal Status Flags
r-devel-linux-x86_64-debian-clang 0.3.0 2.82 40.60 43.42 NOTE
r-devel-linux-x86_64-debian-gcc 0.3.0 2.12 29.49 31.61 NOTE
r-devel-linux-x86_64-fedora-clang 0.3.0 71.53 OK
r-devel-linux-x86_64-fedora-gcc 0.3.0 82.01 OK
r-devel-windows-x86_64 0.3.0 4.00 71.00 75.00 OK
r-patched-linux-x86_64 0.3.0 3.28 38.69 41.97 OK
r-release-linux-x86_64 0.3.0 2.68 38.90 41.58 OK
r-release-macos-arm64 0.3.0 33.00 OK
r-release-macos-x86_64 0.3.0 55.00 OK
r-release-windows-x86_64 0.3.0 5.00 70.00 75.00 OK
r-oldrel-macos-arm64 0.3.0 27.00 NOTE
r-oldrel-macos-x86_64 0.3.0 44.00 NOTE
r-oldrel-windows-x86_64 0.3.0 4.00 69.00 73.00 NOTE

Check Details

Version: 0.3.0
Check: CRAN incoming feasibility
Result: NOTE Maintainer: ‘Youjin Lee <youjin.lee@pennmedicine.upenn.edu>’ No Authors@R field in DESCRIPTION. Please add one, modifying Authors@R: person(given = "Youjin", family = "Lee", role = c("aut", "cre"), email = "youjin.lee@pennmedicine.upenn.edu") as necessary. Flavors: r-devel-linux-x86_64-debian-clang, r-devel-linux-x86_64-debian-gcc

Version: 0.3.0
Check: LazyData
Result: NOTE 'LazyData' is specified without a 'data' directory Flavors: r-oldrel-macos-arm64, r-oldrel-macos-x86_64, r-oldrel-windows-x86_64