Last updated on 2025-05-21 05:51:55 CEST.
Flavor | Version | Tinstall | Tcheck | Ttotal | Status | Flags |
---|---|---|---|---|---|---|
r-devel-linux-x86_64-debian-clang | 0.1.0 | 2.57 | 21.94 | 24.51 | OK | |
r-devel-linux-x86_64-debian-gcc | 0.1.0 | 1.84 | 17.81 | 19.65 | OK | |
r-devel-linux-x86_64-fedora-clang | 0.1.0 | 36.86 | OK | |||
r-devel-linux-x86_64-fedora-gcc | 0.1.0 | 34.75 | OK | |||
r-devel-windows-x86_64 | 0.1.0 | 4.00 | 56.00 | 60.00 | OK | |
r-patched-linux-x86_64 | 0.1.0 | 2.45 | 19.99 | 22.44 | OK | |
r-release-linux-x86_64 | 0.1.0 | 2.40 | 20.09 | 22.49 | OK | |
r-release-macos-arm64 | 0.1.0 | 17.00 | OK | |||
r-release-macos-x86_64 | 0.1.0 | 26.00 | OK | |||
r-release-windows-x86_64 | 0.1.0 | 5.00 | 51.00 | 56.00 | OK | |
r-oldrel-macos-arm64 | 0.1.0 | 16.00 | NOTE | |||
r-oldrel-macos-x86_64 | 0.1.0 | 23.00 | NOTE | |||
r-oldrel-windows-x86_64 | 0.1.0 | 5.00 | 45.00 | 50.00 | NOTE |
Version: 0.1.0
Check: LazyData
Result: NOTE
'LazyData' is specified without a 'data' directory
Flavors: r-oldrel-macos-arm64, r-oldrel-macos-x86_64, r-oldrel-windows-x86_64