Last updated on 2025-05-21 05:51:55 CEST.
Flavor | Version | Tinstall | Tcheck | Ttotal | Status | Flags |
---|---|---|---|---|---|---|
r-devel-linux-x86_64-debian-clang | 0.0.1 | 1.79 | 18.41 | 20.20 | NOTE | |
r-devel-linux-x86_64-debian-gcc | 0.0.1 | 1.42 | 15.63 | 17.05 | NOTE | |
r-devel-linux-x86_64-fedora-clang | 0.0.1 | 31.75 | NOTE | |||
r-devel-linux-x86_64-fedora-gcc | 0.0.1 | 30.37 | NOTE | |||
r-devel-windows-x86_64 | 0.0.1 | 3.00 | 46.00 | 49.00 | OK | |
r-patched-linux-x86_64 | 0.0.1 | 1.77 | 17.79 | 19.56 | OK | |
r-release-linux-x86_64 | 0.0.1 | 1.63 | 18.25 | 19.88 | OK | |
r-release-macos-arm64 | 0.0.1 | 18.00 | OK | |||
r-release-macos-x86_64 | 0.0.1 | 23.00 | OK | |||
r-release-windows-x86_64 | 0.0.1 | 4.00 | 57.00 | 61.00 | OK | |
r-oldrel-macos-arm64 | 0.0.1 | 16.00 | OK | |||
r-oldrel-macos-x86_64 | 0.0.1 | 20.00 | OK | |||
r-oldrel-windows-x86_64 | 0.0.1 | 4.00 | 42.00 | 46.00 | OK |
Version: 0.0.1
Check: CRAN incoming feasibility
Result: NOTE
Maintainer: ‘Matthew Cserhati <csmatyi@protonmail.com>’
The Description field contains
References: Mullner. <ArXiv:1109.2378>; Cserhati, Carter. (2020,
Please refer to arXiv e-prints via their arXiv DOI <doi:10.48550/arXiv.YYMM.NNNNN>.
Flavors: r-devel-linux-x86_64-debian-clang, r-devel-linux-x86_64-debian-gcc
Version: 0.0.1
Check: dependencies in R code
Result: NOTE
Namespace in Imports field not imported from: ‘stats’
All declared Imports should be used.
Flavors: r-devel-linux-x86_64-fedora-clang, r-devel-linux-x86_64-fedora-gcc