Last updated on 2025-05-21 05:51:56 CEST.
Flavor | Version | Tinstall | Tcheck | Ttotal | Status | Flags |
---|---|---|---|---|---|---|
r-devel-linux-x86_64-debian-clang | 0.0.1 | 9.69 | 95.11 | 104.80 | NOTE | |
r-devel-linux-x86_64-debian-gcc | 0.0.1 | 7.28 | 69.58 | 76.86 | NOTE | |
r-devel-linux-x86_64-fedora-clang | 0.0.1 | 162.92 | NOTE | |||
r-devel-linux-x86_64-fedora-gcc | 0.0.1 | 167.44 | NOTE | |||
r-devel-windows-x86_64 | 0.0.1 | 13.00 | 111.00 | 124.00 | OK | |
r-patched-linux-x86_64 | 0.0.1 | 10.75 | 87.84 | 98.59 | OK | |
r-release-linux-x86_64 | 0.0.1 | 10.19 | 86.85 | 97.04 | OK | |
r-release-macos-arm64 | 0.0.1 | 67.00 | OK | |||
r-release-macos-x86_64 | 0.0.1 | 102.00 | OK | |||
r-release-windows-x86_64 | 0.0.1 | 11.00 | 110.00 | 121.00 | OK | |
r-oldrel-macos-arm64 | 0.0.1 | 49.00 | OK | |||
r-oldrel-macos-x86_64 | 0.0.1 | 77.00 | OK | |||
r-oldrel-windows-x86_64 | 0.0.1 | 14.00 | 129.00 | 143.00 | OK |
Version: 0.0.1
Check: CRAN incoming feasibility
Result: NOTE
Maintainer: ‘Hung Nguyen <ntthung@gmail.com>’
No Authors@R field in DESCRIPTION.
Please add one, modifying
Authors@R: person(given = "Hung",
family = "Nguyen",
role = c("aut", "cre"),
email = "ntthung@gmail.com")
as necessary.
Flavors: r-devel-linux-x86_64-debian-clang, r-devel-linux-x86_64-debian-gcc
Version: 0.0.1
Check: dependencies in R code
Result: NOTE
Namespace in Imports field not imported from: ‘MASS’
All declared Imports should be used.
Flavors: r-devel-linux-x86_64-fedora-clang, r-devel-linux-x86_64-fedora-gcc