Last updated on 2025-05-21 05:51:56 CEST.
Flavor | Version | Tinstall | Tcheck | Ttotal | Status | Flags |
---|---|---|---|---|---|---|
r-devel-linux-x86_64-debian-clang | 1.0.0 | 7.93 | 63.01 | 70.94 | NOTE | |
r-devel-linux-x86_64-debian-gcc | 1.0.0 | 5.78 | 47.50 | 53.28 | NOTE | |
r-devel-linux-x86_64-fedora-clang | 1.0.0 | 108.55 | OK | |||
r-devel-linux-x86_64-fedora-gcc | 1.0.0 | 104.65 | OK | |||
r-devel-windows-x86_64 | 1.0.0 | 8.00 | 79.00 | 87.00 | OK | |
r-patched-linux-x86_64 | 1.0.0 | 7.84 | 60.33 | 68.17 | OK | |
r-release-linux-x86_64 | 1.0.0 | 6.93 | 59.52 | 66.45 | OK | |
r-release-macos-arm64 | 1.0.0 | 37.00 | OK | |||
r-release-macos-x86_64 | 1.0.0 | 69.00 | OK | |||
r-release-windows-x86_64 | 1.0.0 | 8.00 | 77.00 | 85.00 | OK | |
r-oldrel-macos-arm64 | 1.0.0 | 34.00 | OK | |||
r-oldrel-macos-x86_64 | 1.0.0 | 49.00 | OK | |||
r-oldrel-windows-x86_64 | 1.0.0 | 10.00 | 87.00 | 97.00 | OK |
Version: 1.0.0
Check: CRAN incoming feasibility
Result: NOTE
Maintainer: ‘Zhengyang Zhou <zhengyang.zhou@unthsc.edu>’
No Authors@R field in DESCRIPTION.
Please add one, modifying
Authors@R: person(given = "Zhengyang",
family = "Zhou",
role = c("aut", "cre"),
email = "zhengyang.zhou@unthsc.edu")
as necessary.
Flavors: r-devel-linux-x86_64-debian-clang, r-devel-linux-x86_64-debian-gcc