Last updated on 2025-05-21 05:51:56 CEST.
Flavor | Version | Tinstall | Tcheck | Ttotal | Status | Flags |
---|---|---|---|---|---|---|
r-devel-linux-x86_64-debian-clang | 1.0.0 | 417.82 | 542.36 | 960.18 | OK | |
r-devel-linux-x86_64-debian-gcc | 1.0.0 | 382.91 | 360.35 | 743.26 | OK | |
r-devel-linux-x86_64-fedora-clang | 1.0.0 | 1515.34 | NOTE | |||
r-devel-linux-x86_64-fedora-gcc | 1.0.0 | 1962.36 | NOTE | |||
r-devel-windows-x86_64 | 1.0.0 | 472.00 | 547.00 | 1019.00 | OK | |
r-patched-linux-x86_64 | 1.0.0 | 469.64 | 582.19 | 1051.83 | OK | |
r-release-linux-x86_64 | 1.0.0 | 467.76 | 584.68 | 1052.44 | OK | |
r-release-macos-arm64 | 1.0.0 | 357.00 | OK | |||
r-release-macos-x86_64 | 1.0.0 | 612.00 | OK | |||
r-release-windows-x86_64 | 1.0.0 | 487.00 | 553.00 | 1040.00 | OK | |
r-oldrel-macos-arm64 | 1.0.0 | 210.00 | NOTE | |||
r-oldrel-macos-x86_64 | 1.0.0 | 316.00 | NOTE | |||
r-oldrel-windows-x86_64 | 1.0.0 | 528.00 | 738.00 | 1266.00 | NOTE |
Version: 1.0.0
Check: dependencies in R code
Result: NOTE
Namespaces in Imports field not imported from:
‘RcppParallel’ ‘rstantools’
All declared Imports should be used.
Flavors: r-devel-linux-x86_64-fedora-clang, r-devel-linux-x86_64-fedora-gcc
Version: 1.0.0
Check: package dependencies
Result: NOTE
Package suggested but not available for checking: ‘cmdstanr’
Flavors: r-oldrel-macos-arm64, r-oldrel-macos-x86_64, r-oldrel-windows-x86_64
Version: 1.0.0
Check: installed package size
Result: NOTE
installed size is 85.7Mb
sub-directories of 1Mb or more:
libs 84.2Mb
Flavors: r-oldrel-macos-arm64, r-oldrel-macos-x86_64, r-oldrel-windows-x86_64
Version: 1.0.0
Check: for GNU extensions in Makefiles
Result: NOTE
GNU make is a SystemRequirements.
Flavors: r-oldrel-macos-arm64, r-oldrel-macos-x86_64, r-oldrel-windows-x86_64