Last updated on 2025-05-21 05:51:56 CEST.
Flavor | Version | Tinstall | Tcheck | Ttotal | Status | Flags |
---|---|---|---|---|---|---|
r-devel-linux-x86_64-debian-clang | 1.1 | 91.03 | 389.75 | 480.78 | OK | |
r-devel-linux-x86_64-debian-gcc | 1.1 | 66.25 | 263.64 | 329.89 | OK | |
r-devel-linux-x86_64-fedora-clang | 1.1 | 774.22 | OK | |||
r-devel-linux-x86_64-fedora-gcc | 1.1 | 805.76 | OK | |||
r-devel-windows-x86_64 | 1.1 | 90.00 | 361.00 | 451.00 | OK | |
r-patched-linux-x86_64 | 1.1 | 93.17 | 373.71 | 466.88 | OK | |
r-release-linux-x86_64 | 1.1 | 90.04 | 374.58 | 464.62 | OK | |
r-release-macos-arm64 | 1.1 | 178.00 | OK | |||
r-release-macos-x86_64 | 1.1 | 302.00 | OK | |||
r-release-windows-x86_64 | 1.1 | 88.00 | 334.00 | 422.00 | OK | |
r-oldrel-macos-arm64 | 1.1 | 171.00 | NOTE | |||
r-oldrel-macos-x86_64 | 1.1 | 365.00 | NOTE | |||
r-oldrel-windows-x86_64 | 1.1 | 118.00 | 435.00 | 553.00 | NOTE |
Version: 1.1
Check: installed package size
Result: NOTE
installed size is 25.3Mb
sub-directories of 1Mb or more:
doc 3.9Mb
libs 20.7Mb
Flavors: r-oldrel-macos-arm64, r-oldrel-macos-x86_64, r-oldrel-windows-x86_64