Last updated on 2025-05-21 05:51:56 CEST.
Flavor | Version | Tinstall | Tcheck | Ttotal | Status | Flags |
---|---|---|---|---|---|---|
r-devel-linux-x86_64-debian-clang | 1.3.3 | 6.07 | 95.27 | 101.34 | OK | |
r-devel-linux-x86_64-debian-gcc | 1.3.3 | 4.24 | 61.29 | 65.53 | OK | |
r-devel-linux-x86_64-fedora-clang | 1.3.3 | 158.48 | OK | |||
r-devel-linux-x86_64-fedora-gcc | 1.3.3 | 176.08 | OK | |||
r-devel-windows-x86_64 | 1.3.3 | 8.00 | 118.00 | 126.00 | OK | |
r-patched-linux-x86_64 | 1.3.3 | 5.45 | 90.39 | 95.84 | OK | |
r-release-linux-x86_64 | 1.3.3 | 5.34 | 88.44 | 93.78 | OK | |
r-release-macos-arm64 | 1.3.3 | 63.00 | OK | |||
r-release-macos-x86_64 | 1.3.3 | 78.00 | OK | |||
r-release-windows-x86_64 | 1.3.3 | 7.00 | 110.00 | 117.00 | OK | |
r-oldrel-macos-arm64 | 1.3.3 | 42.00 | NOTE | |||
r-oldrel-macos-x86_64 | 1.3.3 | 100.00 | NOTE | |||
r-oldrel-windows-x86_64 | 1.3.3 | 9.00 | 135.00 | 144.00 | NOTE |
Version: 1.3.3
Check: LazyData
Result: NOTE
'LazyData' is specified without a 'data' directory
Flavors: r-oldrel-macos-arm64, r-oldrel-macos-x86_64, r-oldrel-windows-x86_64