CRAN Package Check Results for Package miniPCH

Last updated on 2025-10-05 05:49:38 CEST.

Flavor Version Tinstall Tcheck Ttotal Status Flags
r-devel-linux-x86_64-debian-clang 0.4.0 27.30 36.57 63.87 NOTE
r-devel-linux-x86_64-debian-gcc 0.4.0 18.48 28.58 47.06 NOTE
r-devel-linux-x86_64-fedora-clang 0.4.0 108.54 NOTE
r-devel-linux-x86_64-fedora-gcc 0.4.0 104.85 NOTE
r-devel-windows-x86_64 0.4.0 35.00 74.00 109.00 NOTE
r-patched-linux-x86_64 0.4.0 27.67 34.05 61.72 NOTE
r-release-linux-x86_64 0.4.0 25.79 34.12 59.91 NOTE
r-release-macos-arm64 0.4.0 33.00 NOTE
r-release-macos-x86_64 0.4.0 61.00 NOTE
r-release-windows-x86_64 0.4.0 34.00 72.00 106.00 NOTE
r-oldrel-macos-arm64 0.4.0 37.00 OK
r-oldrel-macos-x86_64 0.4.0 62.00 OK
r-oldrel-windows-x86_64 0.4.0 40.00 86.00 126.00 OK

Check Details

Version: 0.4.0
Check: DESCRIPTION meta-information
Result: NOTE Missing dependency on R >= 4.2.0 because package code uses the pipe placeholder syntax added in R 4.2.0. File(s) using such syntax: ‘s3methods.R’ Flavors: r-devel-linux-x86_64-debian-clang, r-devel-linux-x86_64-debian-gcc, r-devel-linux-x86_64-fedora-clang, r-devel-linux-x86_64-fedora-gcc, r-devel-windows-x86_64, r-patched-linux-x86_64, r-release-linux-x86_64, r-release-macos-arm64, r-release-macos-x86_64, r-release-windows-x86_64