Last updated on 2025-05-21 05:51:56 CEST.
Flavor | Version | Tinstall | Tcheck | Ttotal | Status | Flags |
---|---|---|---|---|---|---|
r-devel-linux-x86_64-debian-clang | 1.0.1 | 12.83 | 19.49 | 32.32 | OK | |
r-devel-linux-x86_64-debian-gcc | 1.0.1 | 8.81 | 16.15 | 24.96 | OK | |
r-devel-linux-x86_64-fedora-clang | 1.0.1 | 58.09 | OK | |||
r-devel-linux-x86_64-fedora-gcc | 1.0.1 | 56.50 | OK | |||
r-devel-windows-x86_64 | 1.0.1 | 35.00 | 69.00 | 104.00 | OK | |
r-patched-linux-x86_64 | 1.0.1 | 12.11 | 18.80 | 30.91 | OK | |
r-release-linux-x86_64 | 1.0.1 | 12.18 | 18.99 | 31.17 | OK | |
r-release-macos-arm64 | 1.0.1 | 27.00 | OK | |||
r-release-macos-x86_64 | 1.0.1 | 42.00 | OK | |||
r-release-windows-x86_64 | 1.0.1 | 39.00 | 68.00 | 107.00 | OK | |
r-oldrel-macos-arm64 | 1.0.1 | 30.00 | NOTE | |||
r-oldrel-macos-x86_64 | 1.0.1 | 53.00 | NOTE | |||
r-oldrel-windows-x86_64 | 1.0.1 | 36.00 | 71.00 | 107.00 | NOTE |
Version: 1.0.1
Check: installed package size
Result: NOTE
installed size is 41.2Mb
sub-directories of 1Mb or more:
libs 1.4Mb
redengine 39.6Mb
Flavors: r-oldrel-macos-arm64, r-oldrel-macos-x86_64, r-oldrel-windows-x86_64