Last updated on 2025-05-21 05:51:57 CEST.
Flavor | Version | Tinstall | Tcheck | Ttotal | Status | Flags |
---|---|---|---|---|---|---|
r-devel-linux-x86_64-debian-clang | 0.4 | 6.25 | 30.01 | 36.26 | NOTE | |
r-devel-linux-x86_64-debian-gcc | 0.4 | 4.64 | 23.47 | 28.11 | NOTE | |
r-devel-linux-x86_64-fedora-clang | 0.4 | 55.14 | OK | |||
r-devel-linux-x86_64-fedora-gcc | 0.4 | 53.22 | OK | |||
r-devel-windows-x86_64 | 0.4 | 7.00 | 57.00 | 64.00 | OK | |
r-patched-linux-x86_64 | 0.4 | 5.81 | 28.71 | 34.52 | OK | |
r-release-linux-x86_64 | 0.4 | 5.88 | 28.83 | 34.71 | OK | |
r-release-macos-arm64 | 0.4 | 19.00 | OK | |||
r-release-macos-x86_64 | 0.4 | 43.00 | OK | |||
r-release-windows-x86_64 | 0.4 | 7.00 | 0.00 | 7.00 | FAIL | |
r-oldrel-macos-arm64 | 0.4 | 19.00 | OK | |||
r-oldrel-macos-x86_64 | 0.4 | 35.00 | OK | |||
r-oldrel-windows-x86_64 | 0.4 | 10.00 | 60.00 | 70.00 | OK |
Version: 0.4
Check: CRAN incoming feasibility
Result: NOTE
Maintainer: ‘Yadu Balehosur <yadu@vizualytics.com>’
No Authors@R field in DESCRIPTION.
Please add one, modifying
Authors@R: person(given = "Yadu",
family = "Balehosur",
role = c("aut", "cre"),
email = "yadu@vizualytics.com")
as necessary.
Flavors: r-devel-linux-x86_64-debian-clang, r-devel-linux-x86_64-debian-gcc
Version: 0.4
Check: PDF version of manual
Result: FAIL
Check process probably crashed or hung up for 20 minutes ... killed
Most likely this happened in the example checks (?),
if not, ignore the following last lines of example output:
+ print(head(xl$sheetdata[[1]]))
+ })
+ }
+
+ )
> ## Not run:
> ##D runApp(app)
> ## End(Not run)
>
>
>
>
> ### * <FOOTER>
> ###
> cleanEx()
detaching 'package:shiny'
> options(digits = 7L)
> base::cat("Time elapsed: ", proc.time() - base::get("ptime", pos = 'CheckExEnv'),"\n")
Time elapsed: 0.67 0.22 0.89 NA NA
> grDevices::dev.off()
null device
1
> ###
> ### Local variables: ***
> ### mode: outline-minor ***
> ### outline-regexp: "\\(> \\)?### [*]+" ***
> ### End: ***
> quit('no')
======== End of example output (where/before crash/hang up occured ?) ========
Flavor: r-release-windows-x86_64