Last updated on 2025-05-21 05:51:57 CEST.
Flavor | Version | Tinstall | Tcheck | Ttotal | Status | Flags |
---|---|---|---|---|---|---|
r-devel-linux-x86_64-debian-clang | 3.1 | 3.23 | 412.26 | 415.49 | NOTE | |
r-devel-linux-x86_64-debian-gcc | 3.1 | 2.82 | 242.87 | 245.69 | NOTE | |
r-devel-linux-x86_64-fedora-clang | 3.1 | 706.26 | OK | |||
r-devel-linux-x86_64-fedora-gcc | 3.1 | 697.58 | OK | |||
r-devel-windows-x86_64 | 3.1 | 5.00 | 356.00 | 361.00 | OK | |
r-patched-linux-x86_64 | 3.1 | 4.30 | 392.21 | 396.51 | OK | |
r-release-linux-x86_64 | 3.1 | 4.23 | 401.08 | 405.31 | OK | |
r-release-macos-arm64 | 3.1 | 135.00 | OK | |||
r-release-macos-x86_64 | 3.1 | 371.00 | OK | |||
r-release-windows-x86_64 | 3.1 | 5.00 | 358.00 | 363.00 | OK | |
r-oldrel-macos-arm64 | 3.1 | 127.00 | OK | |||
r-oldrel-macos-x86_64 | 3.1 | 325.00 | OK | |||
r-oldrel-windows-x86_64 | 3.1 | 5.00 | 502.00 | 507.00 | OK |
Version: 3.1
Check: CRAN incoming feasibility
Result: NOTE
Maintainer: ‘Atsushi Kawaguchi <kawa_a24@yahoo.co.jp>’
No Authors@R field in DESCRIPTION.
Please add one, modifying
Authors@R: person(given = "Atsushi",
family = "Kawaguchi",
role = c("aut", "cre"),
email = "kawa_a24@yahoo.co.jp")
as necessary.
Flavors: r-devel-linux-x86_64-debian-clang, r-devel-linux-x86_64-debian-gcc