CRAN Package Check Results for Package mueRelativeRisk

Last updated on 2025-05-21 05:51:57 CEST.

Flavor Version Tinstall Tcheck Ttotal Status Flags
r-devel-linux-x86_64-debian-clang 0.1.1 1.62 21.47 23.09 OK
r-devel-linux-x86_64-debian-gcc 0.1.1 1.42 17.54 18.96 OK
r-devel-linux-x86_64-fedora-clang 0.1.1 37.93 OK
r-devel-linux-x86_64-fedora-gcc 0.1.1 48.30 OK
r-devel-windows-x86_64 0.1.1 3.00 62.00 65.00 OK
r-patched-linux-x86_64 0.1.1 1.52 20.77 22.29 OK
r-release-linux-x86_64 0.1.1 1.66 20.68 22.34 OK
r-release-macos-arm64 0.1.1 26.00 OK
r-release-macos-x86_64 0.1.1 59.00 OK
r-release-windows-x86_64 0.1.1 3.00 54.00 57.00 OK
r-oldrel-macos-arm64 0.1.1 21.00 NOTE
r-oldrel-macos-x86_64 0.1.1 36.00 NOTE
r-oldrel-windows-x86_64 0.1.1 3.00 52.00 55.00 NOTE

Check Details

Version: 0.1.1
Check: LazyData
Result: NOTE 'LazyData' is specified without a 'data' directory Flavors: r-oldrel-macos-arm64, r-oldrel-macos-x86_64, r-oldrel-windows-x86_64