Last updated on 2025-05-21 05:51:57 CEST.
Flavor | Version | Tinstall | Tcheck | Ttotal | Status | Flags |
---|---|---|---|---|---|---|
r-devel-linux-x86_64-debian-clang | 2.7.6 | 29.32 | 223.34 | 252.66 | NOTE | |
r-devel-linux-x86_64-debian-gcc | 2.7.6 | 19.90 | 151.08 | 170.98 | NOTE | |
r-devel-linux-x86_64-fedora-clang | 2.7.6 | 407.66 | OK | |||
r-devel-linux-x86_64-fedora-gcc | 2.7.6 | 393.44 | OK | |||
r-devel-windows-x86_64 | 2.7.6 | 30.00 | 198.00 | 228.00 | NOTE | |
r-patched-linux-x86_64 | 2.7.6 | 28.46 | 207.35 | 235.81 | NOTE | |
r-release-linux-x86_64 | 2.7.6 | 28.51 | 208.17 | 236.68 | NOTE | |
r-release-macos-arm64 | 2.7.6 | 109.00 | OK | |||
r-release-macos-x86_64 | 2.7.6 | 278.00 | OK | |||
r-release-windows-x86_64 | 2.7.6 | 29.00 | 185.00 | 214.00 | NOTE | |
r-oldrel-macos-arm64 | 2.7.6 | 94.00 | OK | |||
r-oldrel-macos-x86_64 | 2.7.6 | 190.00 | OK | |||
r-oldrel-windows-x86_64 | 2.7.6 | 39.00 | 251.00 | 290.00 | OK |
Version: 2.7.6
Check: Rd cross-references
Result: NOTE
Found the following Rd file(s) with Rd \link{} targets missing package
anchors:
phyltree_paths.Rd: ape
Please provide package anchors for all Rd \link{} targets not in the
package itself and the base packages.
Flavors: r-devel-linux-x86_64-debian-clang, r-devel-linux-x86_64-debian-gcc, r-devel-windows-x86_64, r-patched-linux-x86_64, r-release-linux-x86_64, r-release-windows-x86_64