Last updated on 2025-05-21 05:51:57 CEST.
Flavor | Version | Tinstall | Tcheck | Ttotal | Status | Flags |
---|---|---|---|---|---|---|
r-devel-linux-x86_64-debian-clang | 1.1 | 1.72 | 18.38 | 20.10 | NOTE | |
r-devel-linux-x86_64-debian-gcc | 1.1 | 1.30 | 15.36 | 16.66 | NOTE | |
r-devel-linux-x86_64-fedora-clang | 1.1 | 31.33 | OK | |||
r-devel-linux-x86_64-fedora-gcc | 1.1 | 29.89 | OK | |||
r-devel-windows-x86_64 | 1.1 | 2.00 | 49.00 | 51.00 | OK | |
r-patched-linux-x86_64 | 1.1 | 1.73 | 17.90 | 19.63 | OK | |
r-release-linux-x86_64 | 1.1 | 1.70 | 18.04 | 19.74 | OK | |
r-release-macos-arm64 | 1.1 | 16.00 | OK | |||
r-release-macos-x86_64 | 1.1 | 26.00 | OK | |||
r-release-windows-x86_64 | 1.1 | 2.00 | 56.00 | 58.00 | OK | |
r-oldrel-macos-arm64 | 1.1 | 15.00 | OK | |||
r-oldrel-macos-x86_64 | 1.1 | 20.00 | OK | |||
r-oldrel-windows-x86_64 | 1.1 | 2.00 | 44.00 | 46.00 | OK |
Version: 1.1
Check: CRAN incoming feasibility
Result: NOTE
Maintainer: ‘Han Chen <Han.Chen.2@uth.tmc.edu>’
No Authors@R field in DESCRIPTION.
Please add one, modifying
Authors@R: person(given = "Han",
family = "Chen",
role = c("aut", "cre"),
email = "han.chen.2@uth.tmc.edu")
as necessary.
Flavors: r-devel-linux-x86_64-debian-clang, r-devel-linux-x86_64-debian-gcc