Last updated on 2025-05-21 05:51:57 CEST.
Flavor | Version | Tinstall | Tcheck | Ttotal | Status | Flags |
---|---|---|---|---|---|---|
r-devel-linux-x86_64-debian-clang | 2.1.0 | 3.67 | 38.16 | 41.83 | OK | |
r-devel-linux-x86_64-debian-gcc | 2.1.0 | 2.47 | 29.27 | 31.74 | OK | |
r-devel-linux-x86_64-fedora-clang | 2.1.0 | 66.02 | OK | |||
r-devel-linux-x86_64-fedora-gcc | 2.1.0 | 76.71 | OK | |||
r-devel-windows-x86_64 | 2.1.0 | 5.00 | 66.00 | 71.00 | OK | |
r-patched-linux-x86_64 | 2.1.0 | 3.42 | 36.87 | 40.29 | OK | |
r-release-linux-x86_64 | 2.1.0 | 3.41 | 36.82 | 40.23 | OK | |
r-release-macos-arm64 | 2.1.0 | 46.00 | OK | |||
r-release-macos-x86_64 | 2.1.0 | 88.00 | OK | |||
r-release-windows-x86_64 | 2.1.0 | 4.00 | 57.00 | 61.00 | OK | |
r-oldrel-macos-arm64 | 2.1.0 | 32.00 | NOTE | |||
r-oldrel-macos-x86_64 | 2.1.0 | 45.00 | NOTE | |||
r-oldrel-windows-x86_64 | 2.1.0 | 6.00 | 67.00 | 73.00 | NOTE |
Version: 2.1.0
Check: LazyData
Result: NOTE
'LazyData' is specified without a 'data' directory
Flavors: r-oldrel-macos-arm64, r-oldrel-macos-x86_64, r-oldrel-windows-x86_64