CRAN Package Check Results for Package normalp

Last updated on 2025-05-21 05:51:58 CEST.

Flavor Version Tinstall Tcheck Ttotal Status Flags
r-devel-linux-x86_64-debian-clang 0.7.2.1 2.57 23.70 26.27 NOTE
r-devel-linux-x86_64-debian-gcc 0.7.2.1 1.98 18.24 20.22 NOTE
r-devel-linux-x86_64-fedora-clang 0.7.2.1 40.50 OK
r-devel-linux-x86_64-fedora-gcc 0.7.2.1 38.38 OK
r-devel-windows-x86_64 0.7.2.1 4.00 55.00 59.00 OK
r-patched-linux-x86_64 0.7.2.1 2.65 22.32 24.97 OK
r-release-linux-x86_64 0.7.2.1 2.09 22.36 24.45 OK
r-release-macos-arm64 0.7.2.1 14.00 OK
r-release-macos-x86_64 0.7.2.1 23.00 OK
r-release-windows-x86_64 0.7.2.1 5.00 56.00 61.00 OK
r-oldrel-macos-arm64 0.7.2.1 17.00 OK
r-oldrel-macos-x86_64 0.7.2.1 23.00 OK
r-oldrel-windows-x86_64 0.7.2.1 4.00 43.00 47.00 OK

Check Details

Version: 0.7.2.1
Check: CRAN incoming feasibility
Result: NOTE Maintainer: ‘Angelo M. Mineo <angelo.mineo@unipa.it>’ No Authors@R field in DESCRIPTION. Please add one, modifying Authors@R: person(given = c("Angelo", "M."), family = "Mineo", role = c("aut", "cre"), email = "angelo.mineo@unipa.it") as necessary. Flavors: r-devel-linux-x86_64-debian-clang, r-devel-linux-x86_64-debian-gcc