Last updated on 2025-05-21 05:51:58 CEST.
Flavor | Version | Tinstall | Tcheck | Ttotal | Status | Flags |
---|---|---|---|---|---|---|
r-devel-linux-x86_64-debian-clang | 0.1.0 | 6.33 | 51.26 | 57.59 | OK | |
r-devel-linux-x86_64-debian-gcc | 0.1.0 | 4.57 | 39.28 | 43.85 | OK | |
r-devel-linux-x86_64-fedora-clang | 0.1.0 | 87.74 | OK | |||
r-devel-linux-x86_64-fedora-gcc | 0.1.0 | 86.41 | OK | |||
r-devel-windows-x86_64 | 0.1.0 | 7.00 | 73.00 | 80.00 | OK | |
r-patched-linux-x86_64 | 0.1.0 | 5.78 | 49.07 | 54.85 | OK | |
r-release-linux-x86_64 | 0.1.0 | 6.05 | 48.71 | 54.76 | OK | |
r-release-macos-arm64 | 0.1.0 | 31.00 | OK | |||
r-release-macos-x86_64 | 0.1.0 | 50.00 | OK | |||
r-release-windows-x86_64 | 0.1.0 | 8.00 | 70.00 | 78.00 | OK | |
r-oldrel-macos-arm64 | 0.1.0 | 30.00 | NOTE | |||
r-oldrel-macos-x86_64 | 0.1.0 | 41.00 | NOTE | |||
r-oldrel-windows-x86_64 | 0.1.0 | 9.00 | 75.00 | 84.00 | NOTE |
Version: 0.1.0
Check: LazyData
Result: NOTE
'LazyData' is specified without a 'data' directory
Flavors: r-oldrel-macos-arm64, r-oldrel-macos-x86_64, r-oldrel-windows-x86_64