Last updated on 2025-10-05 05:49:41 CEST.
Flavor | Version | Tinstall | Tcheck | Ttotal | Status | Flags |
---|---|---|---|---|---|---|
r-devel-linux-x86_64-debian-clang | 0.2.3 | 6.28 | 234.38 | 240.66 | NOTE | |
r-devel-linux-x86_64-debian-gcc | 0.2.3 | 3.78 | 149.13 | 152.91 | NOTE | |
r-devel-linux-x86_64-fedora-clang | 0.2.3 | 390.12 | NOTE | |||
r-devel-linux-x86_64-fedora-gcc | 0.2.3 | 381.68 | NOTE | |||
r-devel-windows-x86_64 | 0.2.3 | 9.00 | 213.00 | 222.00 | NOTE | |
r-patched-linux-x86_64 | 0.2.3 | 7.18 | 214.79 | 221.97 | NOTE | |
r-release-linux-x86_64 | 0.2.3 | 6.10 | 216.68 | 222.78 | NOTE | |
r-release-macos-arm64 | 0.2.3 | 161.00 | NOTE | |||
r-release-macos-x86_64 | 0.2.3 | 156.00 | OK | |||
r-release-windows-x86_64 | 0.2.3 | 10.00 | 214.00 | 224.00 | NOTE | |
r-oldrel-macos-arm64 | 0.2.3 | 109.00 | OK | |||
r-oldrel-macos-x86_64 | 0.2.3 | 226.00 | OK | |||
r-oldrel-windows-x86_64 | 0.2.3 | 12.00 | 280.00 | 292.00 | OK |
Version: 0.2.3
Check: DESCRIPTION meta-information
Result: NOTE
Missing dependency on R >= 4.2.0 because package code uses the pipe
placeholder syntax added in R 4.2.0.
File(s) using such syntax:
‘01-opIndicators.R’
Flavors: r-devel-linux-x86_64-debian-clang, r-devel-linux-x86_64-debian-gcc, r-devel-linux-x86_64-fedora-clang, r-devel-linux-x86_64-fedora-gcc, r-devel-windows-x86_64, r-patched-linux-x86_64, r-release-linux-x86_64, r-release-macos-arm64, r-release-windows-x86_64