CRAN Package Check Results for Package oro.dicom

Last updated on 2025-10-05 05:49:41 CEST.

Flavor Version Tinstall Tcheck Ttotal Status Flags
r-devel-linux-x86_64-debian-clang 0.5.3 2.94 49.23 52.17 NOTE
r-devel-linux-x86_64-debian-gcc 0.5.3 2.17 37.28 39.45 NOTE
r-devel-linux-x86_64-fedora-clang 0.5.3 81.27 OK
r-devel-linux-x86_64-fedora-gcc 0.5.3 88.20 OK
r-devel-windows-x86_64 0.5.3 5.00 142.00 147.00 OK
r-patched-linux-x86_64 0.5.3 3.64 47.41 51.05 OK
r-release-linux-x86_64 0.5.3 3.04 47.34 50.38 OK
r-release-macos-arm64 0.5.3 39.00 OK
r-release-macos-x86_64 0.5.3 87.00 OK
r-release-windows-x86_64 0.5.3 4.00 96.00 100.00 OK
r-oldrel-macos-arm64 0.5.3 42.00 OK
r-oldrel-macos-x86_64 0.5.3 67.00 OK
r-oldrel-windows-x86_64 0.5.3 6.00 103.00 109.00 OK

Check Details

Version: 0.5.3
Check: CRAN incoming feasibility
Result: NOTE Maintainer: ‘Brandon Whitcher <bwhitcher@gmail.com>’ Package CITATION file contains call(s) to old-style personList() or as.personList(). Please use c() on person objects instead. Package CITATION file contains call(s) to old-style citEntry(). Please use bibentry() instead. Flavors: r-devel-linux-x86_64-debian-clang, r-devel-linux-x86_64-debian-gcc