Last updated on 2025-05-21 05:51:58 CEST.
Flavor | Version | Tinstall | Tcheck | Ttotal | Status | Flags |
---|---|---|---|---|---|---|
r-devel-linux-x86_64-debian-clang | 0.8.0.2 | 163.14 | 56.45 | 219.59 | OK | |
r-devel-linux-x86_64-debian-gcc | 0.8.0.2 | 122.06 | 42.65 | 164.71 | OK | |
r-devel-linux-x86_64-fedora-clang | 0.8.0.2 | 340.28 | OK | |||
r-devel-linux-x86_64-fedora-gcc | 0.8.0.2 | 385.11 | OK | |||
r-devel-windows-x86_64 | 0.8.0.2 | 410.00 | 93.00 | 503.00 | OK | |
r-patched-linux-x86_64 | 0.8.0.2 | 167.54 | 52.07 | 219.61 | OK | |
r-release-linux-x86_64 | 0.8.0.2 | 160.97 | 52.93 | 213.90 | OK | |
r-release-macos-arm64 | 0.8.0.2 | 142.00 | OK | |||
r-release-macos-x86_64 | 0.8.0.2 | 282.00 | OK | |||
r-release-windows-x86_64 | 0.8.0.2 | 424.00 | 80.00 | 504.00 | OK | |
r-oldrel-macos-arm64 | 0.8.0.2 | 131.00 | NOTE | |||
r-oldrel-macos-x86_64 | 0.8.0.2 | 330.00 | NOTE | |||
r-oldrel-windows-x86_64 | 0.8.0.2 | 432.00 | 90.00 | 522.00 | NOTE |
Version: 0.8.0.2
Check: installed package size
Result: NOTE
installed size is 9.6Mb
sub-directories of 1Mb or more:
library 8.7Mb
Flavors: r-oldrel-macos-arm64, r-oldrel-macos-x86_64, r-oldrel-windows-x86_64